	{"id":1589,"date":"2019-08-02T20:18:58","date_gmt":"2019-08-02T21:18:58","guid":{"rendered":"https:\/\/nortecrescente.pt\/web\/?page_id=1589"},"modified":"2023-01-24T16:42:12","modified_gmt":"2023-01-24T17:42:12","slug":"inicio","status":"publish","type":"page","link":"https:\/\/nortecrescente.pt\/web\/","title":{"rendered":"P\u00e1gina inicial"},"content":{"rendered":"\n<h2 id=\"noticias\">Not\u00edcias<\/h2>\n\n\n<ul class=\"wp-block-latest-posts__list is-grid columns-3 aligncenter wp-block-latest-posts\"><li><div class=\"wp-block-latest-posts__featured-image aligncenter\"><a href=\"https:\/\/nortecrescente.pt\/web\/pascoa-2026-caca-ao-ovo-quinta-do-norte\" aria-label=\"P\u00e1scoa 2026 &#8211; Ca\u00e7a ao Ovo &#8211; Quinta do Norte\"><img width=\"300\" height=\"143\" src=\"https:\/\/nortecrescente.pt\/web\/wp-content\/uploads\/2026\/03\/imagem-face-caca-ao-ovo-300x143.png\" class=\"attachment-medium size-medium wp-post-image\" alt=\"\" loading=\"lazy\" style=\"\" srcset=\"https:\/\/nortecrescente.pt\/web\/wp-content\/uploads\/2026\/03\/imagem-face-caca-ao-ovo-300x143.png 300w, https:\/\/nortecrescente.pt\/web\/wp-content\/uploads\/2026\/03\/imagem-face-caca-ao-ovo-768x367.png 768w, https:\/\/nortecrescente.pt\/web\/wp-content\/uploads\/2026\/03\/imagem-face-caca-ao-ovo.png 1023w\" sizes=\"(max-width: 300px) 100vw, 300px\" \/><\/a><\/div><a class=\"wp-block-latest-posts__post-title\" href=\"https:\/\/nortecrescente.pt\/web\/pascoa-2026-caca-ao-ovo-quinta-do-norte\">P\u00e1scoa 2026 &#8211; Ca\u00e7a ao Ovo &#8211; Quinta do Norte<\/a><div class=\"wp-block-latest-posts__post-excerpt\">No pr\u00f3ximo dia 28 de mar\u00e7o, das 15h \u00e0s 19h, a Quinta do Norte ser\u00e1 palco de uma tarde dedicada \u00e0 Ca\u00e7a ao Ovo, pensada para os mais pequenos e &#8230;<\/div><\/li>\n<li><div class=\"wp-block-latest-posts__featured-image aligncenter\"><a href=\"https:\/\/nortecrescente.pt\/web\/dia-de-trabalho-bois-da-raca-ramo-grande-17-janeiro-2025\" aria-label=\"Dia de Trabalho \u2013 Bois da Ra\u00e7a Ramo Grande &#8211; 17 janeiro 2025\"><img width=\"240\" height=\"300\" src=\"https:\/\/nortecrescente.pt\/web\/wp-content\/uploads\/2026\/01\/26.01-cartaz-Gincana-Ramo-Grande-240x300.jpeg\" class=\"attachment-medium size-medium wp-post-image\" alt=\"\" loading=\"lazy\" style=\"\" srcset=\"https:\/\/nortecrescente.pt\/web\/wp-content\/uploads\/2026\/01\/26.01-cartaz-Gincana-Ramo-Grande-240x300.jpeg 240w, https:\/\/nortecrescente.pt\/web\/wp-content\/uploads\/2026\/01\/26.01-cartaz-Gincana-Ramo-Grande-819x1024.jpeg 819w, https:\/\/nortecrescente.pt\/web\/wp-content\/uploads\/2026\/01\/26.01-cartaz-Gincana-Ramo-Grande-768x960.jpeg 768w, https:\/\/nortecrescente.pt\/web\/wp-content\/uploads\/2026\/01\/26.01-cartaz-Gincana-Ramo-Grande.jpeg 1080w\" sizes=\"(max-width: 240px) 100vw, 240px\" \/><\/a><\/div><a class=\"wp-block-latest-posts__post-title\" href=\"https:\/\/nortecrescente.pt\/web\/dia-de-trabalho-bois-da-raca-ramo-grande-17-janeiro-2025\">Dia de Trabalho \u2013 Bois da Ra\u00e7a Ramo Grande &#8211; 17 janeiro 2025<\/a><div class=\"wp-block-latest-posts__post-excerpt\">Dia de Trabalho \u2013 Bois da Ra\u00e7a Ramo Grande&#8211; Gincana com carros de Bois&#8211; Promo\u00e7\u00e3o Papas de Carolo Pilar da Bretanha \u2013 Parque de Aventura17 de janeiro \u2013 Parque de &#8230;<\/div><\/li>\n<li><div class=\"wp-block-latest-posts__featured-image aligncenter\"><a href=\"https:\/\/nortecrescente.pt\/web\/norte-crescente\" aria-label=\"&lt;strong&gt;Norte Crescente&lt;\/strong&gt;\"><img width=\"300\" height=\"142\" src=\"https:\/\/nortecrescente.pt\/web\/wp-content\/uploads\/2025\/12\/imagem-destaque-AGv2-300x142.jpg\" class=\"attachment-medium size-medium wp-post-image\" alt=\"\" loading=\"lazy\" style=\"\" srcset=\"https:\/\/nortecrescente.pt\/web\/wp-content\/uploads\/2025\/12\/imagem-destaque-AGv2-300x142.jpg 300w, https:\/\/nortecrescente.pt\/web\/wp-content\/uploads\/2025\/12\/imagem-destaque-AGv2.jpg 506w\" sizes=\"(max-width: 300px) 100vw, 300px\" \/><\/a><\/div><a class=\"wp-block-latest-posts__post-title\" href=\"https:\/\/nortecrescente.pt\/web\/norte-crescente\"><strong>Norte Crescente<\/strong><\/a><div class=\"wp-block-latest-posts__post-excerpt\">Associa\u00e7\u00e3o de Desenvolvimento Local CONVOCAT\u00d3RIA Nos termos e para os efeitos do disposto nos artigos 28\u00ba n\u00ba 3 e artigo 29\u00ba dos Estatutos da Associa\u00e7\u00e3o Norte Crescente &#8211; ADL e &#8230;<\/div><\/li>\n<\/ul>\n\n\n<div class=\"wp-block-media-text alignwide is-stacked-on-mobile has-black-color has-vivid-cyan-blue-background-color has-text-color has-background\"><figure class=\"wp-block-media-text__media\"><img loading=\"lazy\" width=\"799\" height=\"450\" src=\"https:\/\/nortecrescente.pt\/web\/wp-content\/uploads\/2021\/04\/1.Norte-Crescente.jpg\" alt=\"\" class=\"wp-image-3023 size-full\" srcset=\"https:\/\/nortecrescente.pt\/web\/wp-content\/uploads\/2021\/04\/1.Norte-Crescente.jpg 799w, https:\/\/nortecrescente.pt\/web\/wp-content\/uploads\/2021\/04\/1.Norte-Crescente-300x169.jpg 300w, https:\/\/nortecrescente.pt\/web\/wp-content\/uploads\/2021\/04\/1.Norte-Crescente-768x433.jpg 768w\" sizes=\"(max-width: 799px) 100vw, 799px\" \/><\/figure><div class=\"wp-block-media-text__content\">\n<h1 class=\"has-white-color has-text-color has-x-large-font-size\" id=\"norte-crescente\">Norte Crescente<\/h1>\n\n\n\n<p class=\"has-white-color has-text-color\"><a href=\"https:\/\/nortecrescente.pt\/web\/sobre-nos\">Sobre N\u00f3s<\/a><br><a href=\"https:\/\/nortecrescente.pt\/web\/objetivos\">Objetivos<\/a><\/p>\n<\/div><\/div>\n\n\n\n<p><\/p>\n\n\n\n<div class=\"wp-block-media-text alignwide has-media-on-the-right is-stacked-on-mobile has-white-color has-luminous-vivid-amber-background-color has-text-color has-background\"><figure class=\"wp-block-media-text__media\"><img loading=\"lazy\" width=\"799\" height=\"450\" src=\"https:\/\/nortecrescente.pt\/web\/wp-content\/uploads\/2021\/04\/2.Valencias.jpg\" alt=\"\" class=\"wp-image-3024 size-full\" srcset=\"https:\/\/nortecrescente.pt\/web\/wp-content\/uploads\/2021\/04\/2.Valencias.jpg 799w, https:\/\/nortecrescente.pt\/web\/wp-content\/uploads\/2021\/04\/2.Valencias-300x169.jpg 300w, https:\/\/nortecrescente.pt\/web\/wp-content\/uploads\/2021\/04\/2.Valencias-768x433.jpg 768w\" sizes=\"(max-width: 799px) 100vw, 799px\" \/><\/figure><div class=\"wp-block-media-text__content\">\n<h1 class=\"has-text-align-right has-white-color has-text-color\" id=\"respostas-sociais\">Respostas Sociais<\/h1>\n\n\n\n<p class=\"has-text-align-right has-black-color has-text-color\"><a href=\"https:\/\/nortecrescente.pt\/web\/valencias\/cafpe\"><span style=\"color: #ffffff;\" class=\"ugb-highlight\">CAFPE<\/span><\/a><span style=\"color: #ffffff;\" class=\"ugb-highlight\"><br><\/span><a href=\"https:\/\/nortecrescente.pt\/web\/valencias\/cdij-novos-rumos\"><span style=\"color: #ffffff;\" class=\"ugb-highlight\">CDIJ &#8211; Novos Rumos<br><\/span><\/a><a href=\"https:\/\/nortecrescente.pt\/web\/valencias\/rcset\"><span style=\"color: #ffffff;\" class=\"ugb-highlight\">RCSET-ATL<\/span><\/a><span style=\"color: #ffffff;\" class=\"ugb-highlight\"><br><\/span><a href=\"https:\/\/nortecrescente.pt\/web\/valencias\/cast\"><span style=\"color: #ffffff;\" class=\"ugb-highlight\">CAST<\/span><\/a><\/p>\n<\/div><\/div>\n\n\n\n<p><\/p>\n\n\n\n<div class=\"wp-block-media-text alignwide is-stacked-on-mobile has-white-color has-vivid-green-cyan-background-color has-text-color has-background\"><figure class=\"wp-block-media-text__media\"><img loading=\"lazy\" width=\"799\" height=\"450\" src=\"https:\/\/nortecrescente.pt\/web\/wp-content\/uploads\/2021\/04\/3.Animacao.jpg\" alt=\"\" class=\"wp-image-3031 size-full\" srcset=\"https:\/\/nortecrescente.pt\/web\/wp-content\/uploads\/2021\/04\/3.Animacao.jpg 799w, https:\/\/nortecrescente.pt\/web\/wp-content\/uploads\/2021\/04\/3.Animacao-300x169.jpg 300w, https:\/\/nortecrescente.pt\/web\/wp-content\/uploads\/2021\/04\/3.Animacao-768x433.jpg 768w\" sizes=\"(max-width: 799px) 100vw, 799px\" \/><\/figure><div class=\"wp-block-media-text__content\">\n<h1 class=\"has-text-align-left has-white-color has-text-color\" id=\"desenvolvimento\">Desenvolvimento<\/h1>\n\n\n\n<p class=\"has-text-align-left has-white-color has-text-color\"><a href=\"https:\/\/nortecrescente.pt\/web\/quinta-pedagogica\"><span style=\"color: #ffffff;\" class=\"ugb-highlight\">Quinta Pedag\u00f3gica<\/span><br><\/a><a href=\"https:\/\/nortecrescente.pt\/web\/alojamento-local\"><span style=\"color: #ffffff;\" class=\"ugb-highlight\">Alojamento Local<\/span><\/a><\/p>\n<\/div><\/div>\n\n\n\n<p><\/p>\n\n\n\n<div class=\"wp-block-media-text alignwide has-media-on-the-right is-stacked-on-mobile has-white-color has-stk-global-color-65938-background-color has-text-color has-background\"><figure class=\"wp-block-media-text__media\"><img loading=\"lazy\" width=\"799\" height=\"450\" src=\"https:\/\/nortecrescente.pt\/web\/wp-content\/uploads\/2021\/04\/4.Projetos-Desenvolvidos.jpg\" alt=\"\" class=\"wp-image-3026 size-full\" srcset=\"https:\/\/nortecrescente.pt\/web\/wp-content\/uploads\/2021\/04\/4.Projetos-Desenvolvidos.jpg 799w, https:\/\/nortecrescente.pt\/web\/wp-content\/uploads\/2021\/04\/4.Projetos-Desenvolvidos-300x169.jpg 300w, https:\/\/nortecrescente.pt\/web\/wp-content\/uploads\/2021\/04\/4.Projetos-Desenvolvidos-768x433.jpg 768w\" sizes=\"(max-width: 799px) 100vw, 799px\" \/><\/figure><div class=\"wp-block-media-text__content\">\n<h1 class=\"has-white-color has-text-color\" id=\"projetos-desenvolvidos\">Projetos Desenvolvidos<\/h1>\n\n\n\n<p class=\"has-text-align-right\"><a href=\"https:\/\/nortecrescente.pt\/web\/retratosdonorte\"><span style=\"color: #ffffff;\" class=\"ugb-highlight\">Retratos do Norte<\/span><\/a><br><a href=\"https:\/\/nortecrescente.pt\/web\/valencias\/projecto-igualdades\"><span style=\"color: #ffffff;\" class=\"ugb-highlight\">Projeto Igualdade(s)<\/span><\/a><br><a href=\"https:\/\/nortecrescente.pt\/web\/ecoguardioes\"><span style=\"color: #ffffff;\" class=\"ugb-highlight\">ECOGuardi\u00f5es<\/span><\/a><\/p>\n<\/div><\/div>\n","protected":false},"excerpt":{"rendered":"<p>Not\u00edcias Norte Crescente Sobre N\u00f3sObjetivos Respostas Sociais CAFPECDIJ &#8211; Novos RumosRCSET-ATLCAST Desenvolvimento Quinta Pedag\u00f3gicaAlojamento Local Projetos Desenvolvidos Retratos do NorteProjeto Igualdade(s)ECOGuardi\u00f5es<\/p>\n","protected":false},"author":1,"featured_media":0,"parent":0,"menu_order":0,"comment_status":"closed","ping_status":"closed","template":"template-fullwidth.php","meta":{"ngg_post_thumbnail":0},"featured_image_urls":{"full":"","thumbnail":"","medium":"","medium_large":"","large":"","1536x1536":"","2048x2048":"","onepress-blog-small":"","onepress-small":"","onepress-medium":""},"post_excerpt_stackable":"<p>Not\u00edcias P\u00e1scoa 2026 &#8211; Ca\u00e7a ao Ovo &#8211; Quinta do NorteNo pr\u00f3ximo dia 28 de mar\u00e7o, das 15h \u00e0s 19h, a Quinta do Norte ser\u00e1 palco de uma tarde dedicada \u00e0 Ca\u00e7a ao Ovo, pensada para os mais pequenos e &#8230; Dia de Trabalho \u2013 Bois da Ra\u00e7a Ramo Grande &#8211; 17 janeiro 2025Dia de Trabalho \u2013 Bois da Ra\u00e7a Ramo Grande&#8211; Gincana com carros de Bois&#8211; Promo\u00e7\u00e3o Papas de Carolo Pilar da Bretanha \u2013 Parque de Aventura17 de janeiro \u2013 Parque de &#8230; Norte CrescenteAssocia\u00e7\u00e3o de Desenvolvimento Local CONVOCAT\u00d3RIA Nos termos e para os efeitos do disposto nos artigos&hellip;<\/p>\n","category_list":"","author_info":{"name":"Norte Crescente","url":"https:\/\/nortecrescente.pt\/web\/author\/adminnc2033"},"comments_num":"0 comments","featured_image_urls_v2":{"full":"","thumbnail":"","medium":"","medium_large":"","large":"","1536x1536":"","2048x2048":"","onepress-blog-small":"","onepress-small":"","onepress-medium":""},"post_excerpt_stackable_v2":"<p>Not\u00edcias P\u00e1scoa 2026 &#8211; Ca\u00e7a ao Ovo &#8211; Quinta do NorteNo pr\u00f3ximo dia 28 de mar\u00e7o, das 15h \u00e0s 19h, a Quinta do Norte ser\u00e1 palco de uma tarde dedicada \u00e0 Ca\u00e7a ao Ovo, pensada para os mais pequenos e &#8230; Dia de Trabalho \u2013 Bois da Ra\u00e7a Ramo Grande &#8211; 17 janeiro 2025Dia de Trabalho \u2013 Bois da Ra\u00e7a Ramo Grande&#8211; Gincana com carros de Bois&#8211; Promo\u00e7\u00e3o Papas de Carolo Pilar da Bretanha \u2013 Parque de Aventura17 de janeiro \u2013 Parque de &#8230; Norte CrescenteAssocia\u00e7\u00e3o de Desenvolvimento Local CONVOCAT\u00d3RIA Nos termos e para os efeitos do disposto nos artigos&hellip;<\/p>\n","category_list_v2":"","author_info_v2":{"name":"Norte Crescente","url":"https:\/\/nortecrescente.pt\/web\/author\/adminnc2033"},"comments_num_v2":"0 comments","_links":{"self":[{"href":"https:\/\/nortecrescente.pt\/web\/wp-json\/wp\/v2\/pages\/1589"}],"collection":[{"href":"https:\/\/nortecrescente.pt\/web\/wp-json\/wp\/v2\/pages"}],"about":[{"href":"https:\/\/nortecrescente.pt\/web\/wp-json\/wp\/v2\/types\/page"}],"author":[{"embeddable":true,"href":"https:\/\/nortecrescente.pt\/web\/wp-json\/wp\/v2\/users\/1"}],"replies":[{"embeddable":true,"href":"https:\/\/nortecrescente.pt\/web\/wp-json\/wp\/v2\/comments?post=1589"}],"version-history":[{"count":117,"href":"https:\/\/nortecrescente.pt\/web\/wp-json\/wp\/v2\/pages\/1589\/revisions"}],"predecessor-version":[{"id":3670,"href":"https:\/\/nortecrescente.pt\/web\/wp-json\/wp\/v2\/pages\/1589\/revisions\/3670"}],"wp:attachment":[{"href":"https:\/\/nortecrescente.pt\/web\/wp-json\/wp\/v2\/media?parent=1589"}],"curies":[{"name":"wp","href":"https:\/\/api.w.org\/{rel}","templated":true}]}}

Página inicial

<h2 id="noticias">Notícias</h2>


<ul class="wp-block-latest-posts__list is-grid columns-3 aligncenter wp-block-latest-posts"><li><div class="wp-block-latest-posts__featured-image aligncenter"><a href="https://nortecrescente.pt/web/pascoa-2026-caca-ao-ovo-quinta-do-norte" aria-label="Páscoa 2026 &#8211; Caça ao Ovo &#8211; Quinta do Norte"><img width="300" height="143" src="https://nortecrescente.pt/web/wp-content/uploads/2026/03/imagem-face-caca-ao-ovo-300x143.png" class="attachment-medium size-medium wp-post-image" alt="" loading="lazy" style="" srcset="https://nortecrescente.pt/web/wp-content/uploads/2026/03/imagem-face-caca-ao-ovo-300x143.png 300w, https://nortecrescente.pt/web/wp-content/uploads/2026/03/imagem-face-caca-ao-ovo-768x367.png 768w, https://nortecrescente.pt/web/wp-content/uploads/2026/03/imagem-face-caca-ao-ovo.png 1023w" sizes="(max-width: 300px) 100vw, 300px" /></a></div><a class="wp-block-latest-posts__post-title" href="https://nortecrescente.pt/web/pascoa-2026-caca-ao-ovo-quinta-do-norte">Páscoa 2026 &#8211; Caça ao Ovo &#8211; Quinta do Norte</a><div class="wp-block-latest-posts__post-excerpt">No próximo dia 28 de março, das 15h às 19h, a Quinta do Norte será palco de uma tarde dedicada à Caça ao Ovo, pensada para os mais pequenos e &#8230;</div></li>
<li><div class="wp-block-latest-posts__featured-image aligncenter"><a href="https://nortecrescente.pt/web/dia-de-trabalho-bois-da-raca-ramo-grande-17-janeiro-2025" aria-label="Dia de Trabalho – Bois da Raça Ramo Grande &#8211; 17 janeiro 2025"><img width="240" height="300" src="https://nortecrescente.pt/web/wp-content/uploads/2026/01/26.01-cartaz-Gincana-Ramo-Grande-240x300.jpeg" class="attachment-medium size-medium wp-post-image" alt="" loading="lazy" style="" srcset="https://nortecrescente.pt/web/wp-content/uploads/2026/01/26.01-cartaz-Gincana-Ramo-Grande-240x300.jpeg 240w, https://nortecrescente.pt/web/wp-content/uploads/2026/01/26.01-cartaz-Gincana-Ramo-Grande-819x1024.jpeg 819w, https://nortecrescente.pt/web/wp-content/uploads/2026/01/26.01-cartaz-Gincana-Ramo-Grande-768x960.jpeg 768w, https://nortecrescente.pt/web/wp-content/uploads/2026/01/26.01-cartaz-Gincana-Ramo-Grande.jpeg 1080w" sizes="(max-width: 240px) 100vw, 240px" /></a></div><a class="wp-block-latest-posts__post-title" href="https://nortecrescente.pt/web/dia-de-trabalho-bois-da-raca-ramo-grande-17-janeiro-2025">Dia de Trabalho – Bois da Raça Ramo Grande &#8211; 17 janeiro 2025</a><div class="wp-block-latest-posts__post-excerpt">Dia de Trabalho – Bois da Raça Ramo Grande&#8211; Gincana com carros de Bois&#8211; Promoção Papas de Carolo Pilar da Bretanha – Parque de Aventura17 de janeiro – Parque de &#8230;</div></li>
<li><div class="wp-block-latest-posts__featured-image aligncenter"><a href="https://nortecrescente.pt/web/norte-crescente" aria-label="&lt;strong&gt;Norte Crescente&lt;/strong&gt;"><img width="300" height="142" src="https://nortecrescente.pt/web/wp-content/uploads/2025/12/imagem-destaque-AGv2-300x142.jpg" class="attachment-medium size-medium wp-post-image" alt="" loading="lazy" style="" srcset="https://nortecrescente.pt/web/wp-content/uploads/2025/12/imagem-destaque-AGv2-300x142.jpg 300w, https://nortecrescente.pt/web/wp-content/uploads/2025/12/imagem-destaque-AGv2.jpg 506w" sizes="(max-width: 300px) 100vw, 300px" /></a></div><a class="wp-block-latest-posts__post-title" href="https://nortecrescente.pt/web/norte-crescente"><strong>Norte Crescente</strong></a><div class="wp-block-latest-posts__post-excerpt">Associação de Desenvolvimento Local CONVOCATÓRIA Nos termos e para os efeitos do disposto nos artigos 28º nº 3 e artigo 29º dos Estatutos da Associação Norte Crescente &#8211; ADL e &#8230;</div></li>
</ul>


<div class="wp-block-media-text alignwide is-stacked-on-mobile has-black-color has-vivid-cyan-blue-background-color has-text-color has-background"><figure class="wp-block-media-text__media"><img loading="lazy" width="799" height="450" src="https://nortecrescente.pt/web/wp-content/uploads/2021/04/1.Norte-Crescente.jpg" alt="" class="wp-image-3023 size-full" srcset="https://nortecrescente.pt/web/wp-content/uploads/2021/04/1.Norte-Crescente.jpg 799w, https://nortecrescente.pt/web/wp-content/uploads/2021/04/1.Norte-Crescente-300x169.jpg 300w, https://nortecrescente.pt/web/wp-content/uploads/2021/04/1.Norte-Crescente-768x433.jpg 768w" sizes="(max-width: 799px) 100vw, 799px" /></figure><div class="wp-block-media-text__content">
<h1 class="has-white-color has-text-color has-x-large-font-size" id="norte-crescente">Norte Crescente</h1>



<p class="has-white-color has-text-color"><a href="https://nortecrescente.pt/web/sobre-nos">Sobre Nós</a><br><a href="https://nortecrescente.pt/web/objetivos">Objetivos</a></p>
</div></div>



<p></p>



<div class="wp-block-media-text alignwide has-media-on-the-right is-stacked-on-mobile has-white-color has-luminous-vivid-amber-background-color has-text-color has-background"><figure class="wp-block-media-text__media"><img loading="lazy" width="799" height="450" src="https://nortecrescente.pt/web/wp-content/uploads/2021/04/2.Valencias.jpg" alt="" class="wp-image-3024 size-full" srcset="https://nortecrescente.pt/web/wp-content/uploads/2021/04/2.Valencias.jpg 799w, https://nortecrescente.pt/web/wp-content/uploads/2021/04/2.Valencias-300x169.jpg 300w, https://nortecrescente.pt/web/wp-content/uploads/2021/04/2.Valencias-768x433.jpg 768w" sizes="(max-width: 799px) 100vw, 799px" /></figure><div class="wp-block-media-text__content">
<h1 class="has-text-align-right has-white-color has-text-color" id="respostas-sociais">Respostas Sociais</h1>



<p class="has-text-align-right has-black-color has-text-color"><a href="https://nortecrescente.pt/web/valencias/cafpe"><span style="color: #ffffff;" class="ugb-highlight">CAFPE</span></a><span style="color: #ffffff;" class="ugb-highlight"><br></span><a href="https://nortecrescente.pt/web/valencias/cdij-novos-rumos"><span style="color: #ffffff;" class="ugb-highlight">CDIJ &#8211; Novos Rumos<br></span></a><a href="https://nortecrescente.pt/web/valencias/rcset"><span style="color: #ffffff;" class="ugb-highlight">RCSET-ATL</span></a><span style="color: #ffffff;" class="ugb-highlight"><br></span><a href="https://nortecrescente.pt/web/valencias/cast"><span style="color: #ffffff;" class="ugb-highlight">CAST</span></a></p>
</div></div>



<p></p>



<div class="wp-block-media-text alignwide is-stacked-on-mobile has-white-color has-vivid-green-cyan-background-color has-text-color has-background"><figure class="wp-block-media-text__media"><img loading="lazy" width="799" height="450" src="https://nortecrescente.pt/web/wp-content/uploads/2021/04/3.Animacao.jpg" alt="" class="wp-image-3031 size-full" srcset="https://nortecrescente.pt/web/wp-content/uploads/2021/04/3.Animacao.jpg 799w, https://nortecrescente.pt/web/wp-content/uploads/2021/04/3.Animacao-300x169.jpg 300w, https://nortecrescente.pt/web/wp-content/uploads/2021/04/3.Animacao-768x433.jpg 768w" sizes="(max-width: 799px) 100vw, 799px" /></figure><div class="wp-block-media-text__content">
<h1 class="has-text-align-left has-white-color has-text-color" id="desenvolvimento">Desenvolvimento</h1>



<p class="has-text-align-left has-white-color has-text-color"><a href="https://nortecrescente.pt/web/quinta-pedagogica"><span style="color: #ffffff;" class="ugb-highlight">Quinta Pedagógica</span><br></a><a href="https://nortecrescente.pt/web/alojamento-local"><span style="color: #ffffff;" class="ugb-highlight">Alojamento Local</span></a></p>
</div></div>



<p></p>



<div class="wp-block-media-text alignwide has-media-on-the-right is-stacked-on-mobile has-white-color has-stk-global-color-65938-background-color has-text-color has-background"><figure class="wp-block-media-text__media"><img loading="lazy" width="799" height="450" src="https://nortecrescente.pt/web/wp-content/uploads/2021/04/4.Projetos-Desenvolvidos.jpg" alt="" class="wp-image-3026 size-full" srcset="https://nortecrescente.pt/web/wp-content/uploads/2021/04/4.Projetos-Desenvolvidos.jpg 799w, https://nortecrescente.pt/web/wp-content/uploads/2021/04/4.Projetos-Desenvolvidos-300x169.jpg 300w, https://nortecrescente.pt/web/wp-content/uploads/2021/04/4.Projetos-Desenvolvidos-768x433.jpg 768w" sizes="(max-width: 799px) 100vw, 799px" /></figure><div class="wp-block-media-text__content">
<h1 class="has-white-color has-text-color" id="projetos-desenvolvidos">Projetos Desenvolvidos</h1>



<p class="has-text-align-right"><a href="https://nortecrescente.pt/web/retratosdonorte"><span style="color: #ffffff;" class="ugb-highlight">Retratos do Norte</span></a><br><a href="https://nortecrescente.pt/web/valencias/projecto-igualdades"><span style="color: #ffffff;" class="ugb-highlight">Projeto Igualdade(s)</span></a><br><a href="https://nortecrescente.pt/web/ecoguardioes"><span style="color: #ffffff;" class="ugb-highlight">ECOGuardiões</span></a></p>
</div></div>

<p>Notícias Norte Crescente Sobre NósObjetivos Respostas Sociais CAFPECDIJ &#8211; Novos RumosRCSET-ATLCAST Desenvolvimento Quinta PedagógicaAlojamento Local Projetos Desenvolvidos Retratos do NorteProjeto Igualdade(s)ECOGuardiões</p>

<p>Notícias Páscoa 2026 &#8211; Caça ao Ovo &#8211; Quinta do NorteNo próximo dia 28 de março, das 15h às 19h, a Quinta do Norte será palco de uma tarde dedicada à Caça ao Ovo, pensada para os mais pequenos e &#8230; Dia de Trabalho – Bois da Raça Ramo Grande &#8211; 17 janeiro 2025Dia de Trabalho – Bois da Raça Ramo Grande&#8211; Gincana com carros de Bois&#8211; Promoção Papas de Carolo Pilar da Bretanha – Parque de Aventura17 de janeiro – Parque de &#8230; Norte CrescenteAssociação de Desenvolvimento Local CONVOCATÓRIA Nos termos e para os efeitos do disposto nos artigos&hellip;</p>
