	{"id":1871,"date":"2019-08-09T14:18:50","date_gmt":"2019-08-09T15:18:50","guid":{"rendered":"https:\/\/nortecrescente.pt\/web\/?page_id=1871"},"modified":"2022-01-27T16:06:03","modified_gmt":"2022-01-27T17:06:03","slug":"quinta-pedagogica","status":"publish","type":"page","link":"https:\/\/nortecrescente.pt\/web\/quinta-pedagogica","title":{"rendered":"Quinta Pedag\u00f3gica"},"content":{"rendered":"<div class=\"n2-section-smartslider fitvidsignore \" data-ssid=\"21\" tabindex=\"0\" role=\"region\" aria-label=\"Slider\"><div id=\"n2-ss-21-align\" class=\"n2-ss-align\"><div class=\"n2-padding\"><div id=\"n2-ss-21\" data-creator=\"Smart Slider 3\" data-responsive=\"auto\" class=\"n2-ss-slider n2-ow n2-has-hover n2notransition  \">\n        <div class=\"n2-ss-slider-1 n2_ss__touch_element n2-ow\">\n            <div class=\"n2-ss-slider-2 n2-ow\">\n                                                <div class=\"n2-ss-slider-3 n2-ow\">\n\n                    <div class=\"n2-ss-slide-backgrounds n2-ow-all\"><div class=\"n2-ss-slide-background\" data-public-id=\"1\" data-mode=\"fill\"><div class=\"n2-ss-slide-background-image\" data-blur=\"0\" data-opacity=\"100\" data-x=\"50\" data-y=\"50\" data-alt=\"\" data-title=\"\"><picture class=\"skip-lazy\" data-skip-lazy=\"1\"><img src=\"\/\/nortecrescente.pt\/web\/wp-content\/uploads\/2020\/01\/quintadonorte6.jpg\" alt=\"\" title=\"\" loading=\"lazy\" class=\"skip-lazy\" data-skip-lazy=\"1\"><\/picture><\/div><div data-color=\"RGBA(255,255,255,0)\" style=\"background-color: RGBA(255,255,255,0);\" class=\"n2-ss-slide-background-color\"><\/div><\/div><div class=\"n2-ss-slide-background\" data-public-id=\"2\" data-mode=\"fill\" aria-hidden=\"true\"><div class=\"n2-ss-slide-background-image\" data-blur=\"0\" data-opacity=\"100\" data-x=\"50\" data-y=\"50\" data-alt=\"\" data-title=\"\"><picture class=\"skip-lazy\" data-skip-lazy=\"1\"><img src=\"\/\/nortecrescente.pt\/web\/wp-content\/uploads\/2020\/01\/quintadonorte8.jpg\" alt=\"\" title=\"\" loading=\"lazy\" class=\"skip-lazy\" data-skip-lazy=\"1\"><\/picture><\/div><div data-color=\"RGBA(255,255,255,0)\" style=\"background-color: RGBA(255,255,255,0);\" class=\"n2-ss-slide-background-color\"><\/div><\/div><div class=\"n2-ss-slide-background\" data-public-id=\"3\" data-mode=\"fill\" aria-hidden=\"true\"><div class=\"n2-ss-slide-background-image\" data-blur=\"0\" data-opacity=\"100\" data-x=\"50\" data-y=\"50\" data-alt=\"\" data-title=\"\"><picture class=\"skip-lazy\" data-skip-lazy=\"1\"><img src=\"\/\/nortecrescente.pt\/web\/wp-content\/uploads\/2020\/01\/quintadornorte7.jpg\" alt=\"\" title=\"\" loading=\"lazy\" class=\"skip-lazy\" data-skip-lazy=\"1\"><\/picture><\/div><div data-color=\"RGBA(255,255,255,0)\" style=\"background-color: RGBA(255,255,255,0);\" class=\"n2-ss-slide-background-color\"><\/div><\/div><\/div>                    <div class=\"n2-ss-slider-4 n2-ow\">\n                        <svg xmlns=\"http:\/\/www.w3.org\/2000\/svg\" viewBox=\"0 0 910 355\" data-related-device=\"desktopPortrait\" class=\"n2-ow n2-ss-preserve-size n2-ss-preserve-size--slider n2-ss-slide-limiter\"><\/svg><div data-first=\"1\" data-slide-duration=\"0\" data-id=\"204\" data-slide-public-id=\"1\" data-title=\"quintadonorte6\" class=\"n2-ss-slide n2-ow  n2-ss-slide-204\"><div role=\"note\" class=\"n2-ss-slide--focus\" tabindex=\"-1\">quintadonorte6<\/div><div class=\"n2-ss-layers-container n2-ss-slide-limiter n2-ow\"><div class=\"n2-ss-layer n2-ow n-uc-yw4xOKQ77o9f\" data-sstype=\"slide\" data-pm=\"default\"><\/div><\/div><\/div><div data-slide-duration=\"0\" data-id=\"205\" data-slide-public-id=\"2\" aria-hidden=\"true\" data-title=\"quintadonorte8\" class=\"n2-ss-slide n2-ow  n2-ss-slide-205\"><div role=\"note\" class=\"n2-ss-slide--focus\" tabindex=\"-1\">quintadonorte8<\/div><div class=\"n2-ss-layers-container n2-ss-slide-limiter n2-ow\"><div class=\"n2-ss-layer n2-ow n-uc-VAU6LVN9NHZm\" data-sstype=\"slide\" data-pm=\"default\"><\/div><\/div><\/div><div data-slide-duration=\"0\" data-id=\"206\" data-slide-public-id=\"3\" aria-hidden=\"true\" data-title=\"quintadornorte7\" class=\"n2-ss-slide n2-ow  n2-ss-slide-206\"><div role=\"note\" class=\"n2-ss-slide--focus\" tabindex=\"-1\">quintadornorte7<\/div><div class=\"n2-ss-layers-container n2-ss-slide-limiter n2-ow\"><div class=\"n2-ss-layer n2-ow n-uc-Wyl5UtjOZY8O\" data-sstype=\"slide\" data-pm=\"default\"><\/div><\/div><\/div>                    <\/div>\n\n                                    <\/div>\n            <\/div>\n        <\/div>\n        <\/div><ss3-loader><\/ss3-loader><\/div><\/div><div class=\"n2_clear\"><\/div><\/div>\n\n\n<p>Situada na Vila das Capelas, a <strong>Quinta Pedag\u00f3gica<\/strong> surge atrav\u00e9s de um cons\u00f3rcio gerido pela Cresa\u00e7or e constitu\u00eddo por v\u00e1rios associa\u00e7\u00f5es: Arrisca, Associa\u00e7\u00e3o Norte Crescente, Associa\u00e7\u00e3o Novo Dia, Casa do Gaiato de S\u00e3o Miguel e a Tetrapi.<\/p>\n\n\n\n<p>Inaugurada a 1 de outubro de 2016 a Quinta Pedag\u00f3gica \u00e9 um projeto que se enquadra nos moldes da educa\u00e7\u00e3o n\u00e3o formal e integra os componentes pedag\u00f3gicos e l\u00fadico-recreativos.<\/p>\n\n\n\n<p>Este espa\u00e7o, com cerca de 9 ha, procura responder, cada vez mais as necessidades crescentes de contacto dos cidad\u00e3os com a natureza e, em particular, com o mundo rural.<\/p>\n\n\n\n<div style=\"height:100px\" aria-hidden=\"true\" class=\"wp-block-spacer\"><\/div>\n\n\n\n<h2 id=\"noticias\">Not\u00edcias<\/h2>\n\n\n<ul class=\"wp-block-latest-posts__list is-grid columns-4 aligncenter wp-block-latest-posts\"><li><div class=\"wp-block-latest-posts__featured-image aligncenter\"><a href=\"https:\/\/nortecrescente.pt\/web\/pascoa-2026-caca-ao-ovo-quinta-do-norte\" aria-label=\"P\u00e1scoa 2026 &#8211; Ca\u00e7a ao Ovo &#8211; Quinta do Norte\"><img width=\"150\" height=\"150\" src=\"https:\/\/nortecrescente.pt\/web\/wp-content\/uploads\/2026\/03\/imagem-face-caca-ao-ovo-150x150.png\" class=\"attachment-thumbnail size-thumbnail wp-post-image\" alt=\"\" loading=\"lazy\" style=\"\" \/><\/a><\/div><a class=\"wp-block-latest-posts__post-title\" href=\"https:\/\/nortecrescente.pt\/web\/pascoa-2026-caca-ao-ovo-quinta-do-norte\">P\u00e1scoa 2026 &#8211; Ca\u00e7a ao Ovo &#8211; Quinta do Norte<\/a><div class=\"wp-block-latest-posts__post-excerpt\">No pr\u00f3ximo dia 28 de mar\u00e7o, das 15h \u00e0s 19h, a Quinta do Norte ser\u00e1 palco de uma tarde dedicada \u00e0 Ca\u00e7a ao Ovo, pensada para os mais pequenos e &#8230;<\/div><\/li>\n<li><div class=\"wp-block-latest-posts__featured-image aligncenter\"><a href=\"https:\/\/nortecrescente.pt\/web\/dia-de-trabalho-bois-da-raca-ramo-grande-17-janeiro-2025\" aria-label=\"Dia de Trabalho \u2013 Bois da Ra\u00e7a Ramo Grande &#8211; 17 janeiro 2025\"><img width=\"150\" height=\"150\" src=\"https:\/\/nortecrescente.pt\/web\/wp-content\/uploads\/2026\/01\/26.01-cartaz-Gincana-Ramo-Grande-150x150.jpeg\" class=\"attachment-thumbnail size-thumbnail wp-post-image\" alt=\"\" loading=\"lazy\" style=\"\" \/><\/a><\/div><a class=\"wp-block-latest-posts__post-title\" href=\"https:\/\/nortecrescente.pt\/web\/dia-de-trabalho-bois-da-raca-ramo-grande-17-janeiro-2025\">Dia de Trabalho \u2013 Bois da Ra\u00e7a Ramo Grande &#8211; 17 janeiro 2025<\/a><div class=\"wp-block-latest-posts__post-excerpt\">Dia de Trabalho \u2013 Bois da Ra\u00e7a Ramo Grande&#8211; Gincana com carros de Bois&#8211; Promo\u00e7\u00e3o Papas de Carolo Pilar da Bretanha \u2013 Parque de Aventura17 de janeiro \u2013 Parque de &#8230;<\/div><\/li>\n<li><div class=\"wp-block-latest-posts__featured-image aligncenter\"><a href=\"https:\/\/nortecrescente.pt\/web\/norte-crescente\" aria-label=\"&lt;strong&gt;Norte Crescente&lt;\/strong&gt;\"><img width=\"150\" height=\"150\" src=\"https:\/\/nortecrescente.pt\/web\/wp-content\/uploads\/2025\/12\/imagem-destaque-AGv2-150x150.jpg\" class=\"attachment-thumbnail size-thumbnail wp-post-image\" alt=\"\" loading=\"lazy\" style=\"\" \/><\/a><\/div><a class=\"wp-block-latest-posts__post-title\" href=\"https:\/\/nortecrescente.pt\/web\/norte-crescente\"><strong>Norte Crescente<\/strong><\/a><div class=\"wp-block-latest-posts__post-excerpt\">Associa\u00e7\u00e3o de Desenvolvimento Local CONVOCAT\u00d3RIA Nos termos e para os efeitos do disposto nos artigos 28\u00ba n\u00ba 3 e artigo 29\u00ba dos Estatutos da Associa\u00e7\u00e3o Norte Crescente &#8211; ADL e &#8230;<\/div><\/li>\n<li><div class=\"wp-block-latest-posts__featured-image aligncenter\"><a href=\"https:\/\/nortecrescente.pt\/web\/concurso-natal-ecologico-decora-me-3\" aria-label=\"Concurso \u201cNatal Ecol\u00f3gico \u2013 Decora-me\u201d\"><img width=\"150\" height=\"150\" src=\"https:\/\/nortecrescente.pt\/web\/wp-content\/uploads\/2025\/12\/imagem-de-destaque-150x150.jpg\" class=\"attachment-thumbnail size-thumbnail wp-post-image\" alt=\"\" loading=\"lazy\" style=\"\" \/><\/a><\/div><a class=\"wp-block-latest-posts__post-title\" href=\"https:\/\/nortecrescente.pt\/web\/concurso-natal-ecologico-decora-me-3\">Concurso \u201cNatal Ecol\u00f3gico \u2013 Decora-me\u201d<\/a><div class=\"wp-block-latest-posts__post-excerpt\">Neste Natal, a Norte Crescente volta a desafiar a comunidade a pensar de forma mais verde, a repensar o que consome e a transformar pequenos gestos em grandes atitudes que &#8230;<\/div><\/li>\n<\/ul>","protected":false},"excerpt":{"rendered":"<p>Situada na Vila das Capelas, a Quinta Pedag\u00f3gica surge atrav\u00e9s de um cons\u00f3rcio gerido pela Cresa\u00e7or e constitu\u00eddo por v\u00e1rios associa\u00e7\u00f5es: Arrisca, Associa\u00e7\u00e3o Norte Crescente, Associa\u00e7\u00e3o Novo Dia, Casa do &#8230;<\/p>\n","protected":false},"author":1,"featured_media":0,"parent":0,"menu_order":0,"comment_status":"closed","ping_status":"closed","template":"template-fullwidth.php","meta":{"ngg_post_thumbnail":0},"featured_image_urls":{"full":"","thumbnail":"","medium":"","medium_large":"","large":"","1536x1536":"","2048x2048":"","onepress-blog-small":"","onepress-small":"","onepress-medium":""},"post_excerpt_stackable":"<p>quintadonorte6quintadonorte8quintadornorte7 Situada na Vila das Capelas, a Quinta Pedag\u00f3gica surge atrav\u00e9s de um cons\u00f3rcio gerido pela Cresa\u00e7or e constitu\u00eddo por v\u00e1rios associa\u00e7\u00f5es: Arrisca, Associa\u00e7\u00e3o Norte Crescente, Associa\u00e7\u00e3o Novo Dia, Casa do Gaiato de S\u00e3o Miguel e a Tetrapi. Inaugurada a 1 de outubro de 2016 a Quinta Pedag\u00f3gica \u00e9 um projeto que se enquadra nos moldes da educa\u00e7\u00e3o n\u00e3o formal e integra os componentes pedag\u00f3gicos e l\u00fadico-recreativos. Este espa\u00e7o, com cerca de 9 ha, procura responder, cada vez mais as necessidades crescentes de contacto dos cidad\u00e3os com a natureza e, em particular, com o mundo rural. Not\u00edcias P\u00e1scoa 2026 &#8211;&hellip;<\/p>\n","category_list":"","author_info":{"name":"Norte Crescente","url":"https:\/\/nortecrescente.pt\/web\/author\/adminnc2033"},"comments_num":"0 comments","featured_image_urls_v2":{"full":"","thumbnail":"","medium":"","medium_large":"","large":"","1536x1536":"","2048x2048":"","onepress-blog-small":"","onepress-small":"","onepress-medium":""},"post_excerpt_stackable_v2":"<p>quintadonorte6quintadonorte8quintadornorte7 Situada na Vila das Capelas, a Quinta Pedag\u00f3gica surge atrav\u00e9s de um cons\u00f3rcio gerido pela Cresa\u00e7or e constitu\u00eddo por v\u00e1rios associa\u00e7\u00f5es: Arrisca, Associa\u00e7\u00e3o Norte Crescente, Associa\u00e7\u00e3o Novo Dia, Casa do Gaiato de S\u00e3o Miguel e a Tetrapi. Inaugurada a 1 de outubro de 2016 a Quinta Pedag\u00f3gica \u00e9 um projeto que se enquadra nos moldes da educa\u00e7\u00e3o n\u00e3o formal e integra os componentes pedag\u00f3gicos e l\u00fadico-recreativos. Este espa\u00e7o, com cerca de 9 ha, procura responder, cada vez mais as necessidades crescentes de contacto dos cidad\u00e3os com a natureza e, em particular, com o mundo rural. Not\u00edcias P\u00e1scoa 2026 &#8211;&hellip;<\/p>\n","category_list_v2":"","author_info_v2":{"name":"Norte Crescente","url":"https:\/\/nortecrescente.pt\/web\/author\/adminnc2033"},"comments_num_v2":"0 comments","_links":{"self":[{"href":"https:\/\/nortecrescente.pt\/web\/wp-json\/wp\/v2\/pages\/1871"}],"collection":[{"href":"https:\/\/nortecrescente.pt\/web\/wp-json\/wp\/v2\/pages"}],"about":[{"href":"https:\/\/nortecrescente.pt\/web\/wp-json\/wp\/v2\/types\/page"}],"author":[{"embeddable":true,"href":"https:\/\/nortecrescente.pt\/web\/wp-json\/wp\/v2\/users\/1"}],"replies":[{"embeddable":true,"href":"https:\/\/nortecrescente.pt\/web\/wp-json\/wp\/v2\/comments?post=1871"}],"version-history":[{"count":56,"href":"https:\/\/nortecrescente.pt\/web\/wp-json\/wp\/v2\/pages\/1871\/revisions"}],"predecessor-version":[{"id":3491,"href":"https:\/\/nortecrescente.pt\/web\/wp-json\/wp\/v2\/pages\/1871\/revisions\/3491"}],"wp:attachment":[{"href":"https:\/\/nortecrescente.pt\/web\/wp-json\/wp\/v2\/media?parent=1871"}],"curies":[{"name":"wp","href":"https:\/\/api.w.org\/{rel}","templated":true}]}}