	{"id":2324,"date":"2020-01-27T16:00:32","date_gmt":"2020-01-27T17:00:32","guid":{"rendered":"https:\/\/nortecrescente.pt\/web\/?page_id=2324"},"modified":"2020-01-28T16:44:57","modified_gmt":"2020-01-28T17:44:57","slug":"materiais-pedagogicos-e-informativos","status":"publish","type":"page","link":"https:\/\/nortecrescente.pt\/web\/valencias\/projecto-igualdades\/materiais-pedagogicos-e-informativos","title":{"rendered":"Materiais Pedag\u00f3gicos e Informativos"},"content":{"rendered":"<p><a href=\"\">Rode a Diferen\u00e7a<\/a><br \/>\n<a href=\"\">Descobre o Par<\/a><br \/>\n<a href=\"\">Jogo das Igualdades<\/a><br \/>\n<a href=\"\">Ca\u00e7a as Palavras<\/a><br \/>\n<a href=\"\">Palavras Cruzadas<\/a><br \/>\n<a href=\"\">Sopa de Letras<\/a><br \/>\n<a href=\"\">Ba\u00fa das Hist\u00f3rias<\/a><br \/>\n<a href=\"\">Filmes Tem\u00e1ticos<\/a><br \/>\nRode a Diferen\u00e7a<\/p>\n<p><img loading=\"lazy\" src=\"https:\/\/nortecrescente.pt\/web\/wp-content\/uploads\/2020\/01\/Rode-a-Diferen\u00e7a-Logo-300x159-1.jpg\" alt=\"\" width=\"300\" height=\"159\"><\/p>\n<p>Este jogo \u00e9 composto por nove cubos diferentes.&nbsp;O objetivo \u00e9 compor uma imagem atrav\u00e9s da&nbsp;jun\u00e7\u00e3o dos mesmos. No total existem seis&nbsp;imagens a descobrir.<\/p>\n<p>Cada imagem \u00e9 alusiva a um diferente tema&nbsp;que, no final, prev\u00ea a reflex\u00e3o sobre a igualdade&nbsp;de oportunidades e as diferen\u00e7as positivas que&nbsp;existem entre as pessoas.<\/p>\n<p>Utilize os links abaixo para descarregar e construir o seu pr\u00f3prio jogo. Bom jogo!<\/p>\n<p><a href=\"https:\/\/nortecrescente.pt\/web\/wp-content\/uploads\/2020\/01\/Regras-Cubos-Bons-Comportamentos.pdf\" target=\"_blank\" rel=\"noopener noreferrer\">Regras 1 \u2013 Bons Comportamentos<\/a><\/p>\n<p><a href=\"https:\/\/nortecrescente.pt\/web\/wp-content\/uploads\/2020\/01\/Regras-Cubos-Maus-Comportamentos.pdf\" target=\"_blank\" rel=\"noopener noreferrer\">Regras 2 \u2013 Maus Comportamentos<\/a><\/p>\n<p><a href=\"https:\/\/nortecrescente.pt\/web\/wp-content\/uploads\/2020\/01\/Cubos-Bons-Comportamentos.pdf\" target=\"_blank\" rel=\"noopener noreferrer\">Cubo 1 \u2013 Bons Comportamentos de Cidadania Ativa (Pratica)<\/a><\/p>\n<p><a href=\"https:\/\/nortecrescente.pt\/web\/wp-content\/uploads\/2020\/01\/Cubo-Maus-Comportamentos.pdf\" target=\"_blank\" rel=\"noopener noreferrer\">Cubo 2 \u2013 Maus Comporatamentos de Cidadania Ativa (Muda)<\/a><\/p>\n<p>Descobre o Par<\/p>\n<p><img loading=\"lazy\" src=\"https:\/\/nortecrescente.pt\/web\/wp-content\/uploads\/2020\/01\/Descobre-o-Par-vers\u00e3o1-300x143-1.jpg\" alt=\"\" width=\"300\" height=\"143\"><\/p>\n<p>Este jogo de mem\u00f3ria \u201cDescobre o Par\u201d tem como objetivo promover o contato com as diferen\u00e7as com vista \u00e0 Igualdade de Oportunidades.<\/p>\n<p>\u00c9 constitu\u00eddo por cinco grupos de cart\u00f5es que t\u00eam imagens sobre diferentes temas.<\/p>\n<p>Este jogo tem 10 pares de desenhos no total 100 cart\u00f5es:<\/p>\n<ul>\n<li>Acessibilidade \u2013 20 cart\u00f5es<\/li>\n<li>Partilha de Tarefas \u2013 20 cart\u00f5es<\/li>\n<li>Gera\u00e7\u00f5es \u2013 20 cart\u00f5es<\/li>\n<li>Culturas \u2013 20 cart\u00f5es<\/li>\n<li>Religi\u00e3o \u2013 20 cart\u00f5es<\/li>\n<\/ul>\n<p>Utilize os links abaixo para descarregar e construir o seu pr\u00f3prio jogo. Bom jogo!<\/p>\n<p><a href=\"https:\/\/nortecrescente.pt\/web\/wp-content\/uploads\/2020\/01\/Regras-Descobre-o-Par.pdf\" target=\"_blank\" rel=\"noopener noreferrer\">Regras do Jogo<\/a><\/p>\n<p><a href=\"https:\/\/nortecrescente.pt\/web\/wp-content\/uploads\/2020\/01\/Cart\u00f5es-Religi\u00e3o.pdf\" target=\"_blank\" rel=\"noopener noreferrer\">Cart\u00f5es \u2013 Religi\u00e3o<\/a><\/p>\n<p><a href=\"https:\/\/nortecrescente.pt\/web\/wp-content\/uploads\/2020\/01\/Cart\u00f5es-Acessibilidade.pdf\" target=\"_blank\" rel=\"noopener noreferrer\">Cart\u00f5es \u2013 Acessibilidade<\/a><\/p>\n<p><a href=\"https:\/\/nortecrescente.pt\/web\/wp-content\/uploads\/2020\/01\/Cart\u00f5es-Diversidade-Cultural.pdf\" target=\"_blank\" rel=\"noopener noreferrer\">Cart\u00f5es \u2013 Diversidade Cultural<\/a><\/p>\n<p><a href=\"https:\/\/nortecrescente.pt\/web\/wp-content\/uploads\/2020\/01\/Cart\u00f5es-Gera\u00e7\u00f5es.pdf\" target=\"_blank\" rel=\"noopener noreferrer\">Cart\u00f5es \u2013 Gera\u00e7\u00f5es<\/a><\/p>\n<p><a href=\"https:\/\/nortecrescente.pt\/web\/wp-content\/uploads\/2020\/01\/Cart\u00f5es-Partilha-de-Tarefas.pdf\" target=\"_blank\" rel=\"noopener noreferrer\">Cart\u00f5es \u2013 Partilha de Tarefas<\/a><\/p>\n<p>Jogo das Igualdades<\/p>\n<p><img loading=\"lazy\" src=\"https:\/\/nortecrescente.pt\/web\/wp-content\/uploads\/2020\/01\/Logo-Jogo-das-Igualdades-300x189-1.jpg\" alt=\"\" width=\"300\" height=\"189\"><\/p>\n<p>Este jogo visa conhecer os direitos humanos, as v\u00e1rias culturas abordando v\u00e1rios temas como a igualdade de g\u00e9nero, a defici\u00eancia, a cidadania, a religi\u00e3o, a diversidade cultural, entre outros. As equipas dever\u00e3o superar todas as provas corretamente e vencer\u00e1 a que chegar ao centro do tabuleiro.<\/p>\n<p>Este jogo est\u00e1 concebido para se jogar em equipas a partir de duas pessoas. Cada equipa escolhe um pe\u00e3o. No espa\u00e7o de jogo disp\u00f5e-se o tabuleiro, um bloco, um l\u00e1pis, a ampulheta e o baralho de cartas. Lan\u00e7a-se o dado e a equipa que obtiver a pontua\u00e7\u00e3o mais alta come\u00e7a o jogo. Em caso de empate volta-se a lan\u00e7ar o dado.<\/p>\n<p>Na sala da Quinta do Norte o Jogo das Igualdades estar\u00e1 dispon\u00edvel para todos\/as aqueles\/as que quiserem, mediante marca\u00e7\u00e3o, aprender de forma l\u00fadica v\u00e1rias tem\u00e1ticas no \u00e2mbito da Igualdade de Oportunidades.<\/p>\nngg_shortcode_0_placeholder\n<p>Ca\u00e7a as Palavras<\/p>\n<p>Estes materiais l\u00fadico-pedag\u00f3gicos pretendem deixar as crian\u00e7as a pensar sobre alguns conceitos associados \u00e0s diferen\u00e7as. Convidamos-te a fazer o download destes materiais e a descobrires os principais conceitos neles escondidos.<\/p>\n<p>Estes materiais destinam-se \u00e0s crian\u00e7as com idades compreendidas entre os 7 e os 10 anos.<\/p>\n<p><a href=\"https:\/\/nortecrescente.pt\/web\/wp-content\/uploads\/2020\/01\/Ca\u00e7a-as-Palavras-Download.pdf\">Ca\u00e7as as Palavras<\/a><\/p>\n<p>Palavras Cruzadas<\/p>\n<p><img loading=\"lazy\" src=\"https:\/\/nortecrescente.pt\/web\/wp-content\/uploads\/2020\/01\/Palavras-Cruzadas-Logo.png\" alt=\"\" width=\"426\" height=\"453\"><\/p>\n<p>O Mundo dos Quadradinhos \u2013 Palavras Cruzadas \u2013 pode ajudar-te a descobrir mais algumas coisas acerca da diversidade humana. N\u00e3o percas a oportunidade, aprende mais fazendo o download dos documentos em baixo.<\/p>\n<p><a href=\"https:\/\/nortecrescente.pt\/web\/wp-content\/uploads\/2020\/01\/Palavras-Cruzadas-Final-1.pdf\">Palavras Cruzadas 1<\/a><\/p>\n<p><a href=\"https:\/\/nortecrescente.pt\/web\/wp-content\/uploads\/2020\/01\/Palavras-Cruzadas-Final-2.pdf\">Palavras Cruzadas 2<\/a><\/p>\n<p><a href=\"https:\/\/nortecrescente.pt\/web\/wp-content\/uploads\/2020\/01\/Palavras-Cruzadas-Final-3.pdf\">Palavras Cruzadas 3<\/a><\/p>\n<p><a href=\"https:\/\/nortecrescente.pt\/web\/wp-content\/uploads\/2020\/01\/Palavras-Cruzadas-Final-4.pdf\">Palavras Cruzadas 4<\/a><\/p>\n<p><a href=\"https:\/\/nortecrescente.pt\/web\/wp-content\/uploads\/2020\/01\/Palavras-Cruzadas-Final-5.pdf\">Palavras Cruzadas 5<\/a><\/p>\n<p><a href=\"https:\/\/nortecrescente.pt\/web\/wp-content\/uploads\/2020\/01\/Solu\u00e7\u00f5es.pdf\">Solu\u00e7\u00f5es<\/a><\/p>\n<p>Sopa de Letras<\/p>\n<p><img loading=\"lazy\" src=\"https:\/\/nortecrescente.pt\/web\/wp-content\/uploads\/2020\/01\/Sopa-de-Letras-Logo-247x300-1.jpg\" alt=\"Sopa de Letras\" width=\"247\" height=\"300\"><\/p>\n<p>Os exerc\u00edcios que podes encontrar em baixo trabalham v\u00e1rias tem\u00e1ticas no \u00e2mbito da Igualdade de Oportunidades. Convidamos-te a descarreg\u00e1-los e em grupo aprender algo mais sobre a diversidade humana.<\/p>\n<p><a href=\"https:\/\/nortecrescente.pt\/web\/wp-content\/uploads\/2020\/01\/sopa-de-letras-1-scaled.jpg\" target=\"_blank\" rel=\"noopener noreferrer\">Sopa de Letras 1<\/a><\/p>\n<p><a href=\"https:\/\/nortecrescente.pt\/web\/wp-content\/uploads\/2020\/01\/sopa-de-letras-2-scaled.jpg\" target=\"_blank\" rel=\"noopener noreferrer\">Sopa de Letras 2<\/a><\/p>\n<p><a href=\"https:\/\/nortecrescente.pt\/web\/wp-content\/uploads\/2020\/01\/sopa-de-letras-3-scaled.jpg\" target=\"_blank\" rel=\"noopener noreferrer\">Sopa de Letras 3<\/a><\/p>\n<p><a href=\"https:\/\/nortecrescente.pt\/web\/wp-content\/uploads\/2020\/01\/sopa-de-letras-4-scaled.jpg\" target=\"_blank\" rel=\"noopener noreferrer\">Sopa de Letras 4<\/a><\/p>\n<p><a href=\"https:\/\/nortecrescente.pt\/web\/wp-content\/uploads\/2020\/01\/sopa-de-letras-5-scaled.jpg\" target=\"_blank\" rel=\"noopener noreferrer\">Sopa de Letras 5<\/a><\/p>\n<p><a href=\"https:\/\/nortecrescente.pt\/web\/wp-content\/uploads\/2020\/01\/sopa-de-letras-6-scaled.jpg\" target=\"_blank\" rel=\"noopener noreferrer\">Sopa de Letras 6<\/a><\/p>\n<p><a href=\"https:\/\/nortecrescente.pt\/web\/wp-content\/uploads\/2020\/01\/sopa-de-letras-7-scaled.jpg\" target=\"_blank\" rel=\"noopener noreferrer\">Sopa de Letras 7<\/a><\/p>\n<p>Ba\u00fa das Hist\u00f3rias<\/p>\n<p><img loading=\"lazy\" src=\"https:\/\/nortecrescente.pt\/web\/wp-content\/uploads\/2020\/01\/Logo-Tesouro-Hist\u00f3rias-300x253.png\" alt=\"\" width=\"300\" height=\"253\"><\/p>\n<p>No trabalho di\u00e1rio com crian\u00e7as e jovens, apercebemo-nos que as hist\u00f3rias funcionam como um v\u00ednculo primordial de questionamento de tem\u00e1ticas atuais pertinentes no \u00e2mbito da Igualdade de Oportunidades. Desta forma reunimos um conjunto de hist\u00f3rias que julgamos serem pertinentes na sensibiliza\u00e7\u00e3o para a mudan\u00e7a comportamental a longo-prazo.&nbsp;Acreditamos no poder das hist\u00f3rias na estrutura\u00e7\u00e3o desta mudan\u00e7a. Desafiamos todos\/as a fazerem o mesmo, aprendendo a respeitar as pessoas nas suas diferen\u00e7as.ngg_shortcode_1_placeholder<br \/>\nFilmes Tem\u00e1ticos<\/p>\n<p><img loading=\"lazy\" src=\"https:\/\/nortecrescente.pt\/web\/wp-content\/uploads\/2020\/01\/Logo-Filmes-Tem\u00e1ticos.png\" alt=\"\" width=\"450\" height=\"102\"><\/p>\nngg_shortcode_2_placeholder\n","protected":false},"excerpt":{"rendered":"<p>Rode a Diferen\u00e7a Descobre o Par Jogo das Igualdades Ca\u00e7a as Palavras Palavras Cruzadas Sopa de Letras Ba\u00fa das Hist\u00f3rias Filmes Tem\u00e1ticos Rode a Diferen\u00e7a Este jogo \u00e9 composto por &#8230;<\/p>\n","protected":false},"author":1,"featured_media":0,"parent":57,"menu_order":0,"comment_status":"closed","ping_status":"closed","template":"template-fullwidth.php","meta":{"ngg_post_thumbnail":0},"featured_image_urls":{"full":"","thumbnail":"","medium":"","medium_large":"","large":"","1536x1536":"","2048x2048":"","onepress-blog-small":"","onepress-small":"","onepress-medium":""},"post_excerpt_stackable":"<p>Rode a Diferen\u00e7a Descobre o Par Jogo das Igualdades Ca\u00e7a as Palavras Palavras Cruzadas Sopa de Letras Ba\u00fa das Hist\u00f3rias Filmes Tem\u00e1ticos Rode a Diferen\u00e7a Este jogo \u00e9 composto por nove cubos diferentes.&nbsp;O objetivo \u00e9 compor uma imagem atrav\u00e9s da&nbsp;jun\u00e7\u00e3o dos mesmos. No total existem seis&nbsp;imagens a descobrir. Cada imagem \u00e9 alusiva a um diferente tema&nbsp;que, no final, prev\u00ea a reflex\u00e3o sobre a igualdade&nbsp;de oportunidades e as diferen\u00e7as positivas que&nbsp;existem entre as pessoas. Utilize os links abaixo para descarregar e construir o seu pr\u00f3prio jogo. Bom jogo! Regras 1 \u2013 Bons Comportamentos Regras 2 \u2013 Maus Comportamentos Cubo 1 \u2013&hellip;<\/p>\n","category_list":"","author_info":{"name":"Norte Crescente","url":"https:\/\/nortecrescente.pt\/web\/author\/adminnc2033"},"comments_num":"0 comments","featured_image_urls_v2":{"full":"","thumbnail":"","medium":"","medium_large":"","large":"","1536x1536":"","2048x2048":"","onepress-blog-small":"","onepress-small":"","onepress-medium":""},"post_excerpt_stackable_v2":"<p>Rode a Diferen\u00e7a Descobre o Par Jogo das Igualdades Ca\u00e7a as Palavras Palavras Cruzadas Sopa de Letras Ba\u00fa das Hist\u00f3rias Filmes Tem\u00e1ticos Rode a Diferen\u00e7a Este jogo \u00e9 composto por nove cubos diferentes.&nbsp;O objetivo \u00e9 compor uma imagem atrav\u00e9s da&nbsp;jun\u00e7\u00e3o dos mesmos. No total existem seis&nbsp;imagens a descobrir. Cada imagem \u00e9 alusiva a um diferente tema&nbsp;que, no final, prev\u00ea a reflex\u00e3o sobre a igualdade&nbsp;de oportunidades e as diferen\u00e7as positivas que&nbsp;existem entre as pessoas. Utilize os links abaixo para descarregar e construir o seu pr\u00f3prio jogo. Bom jogo! Regras 1 \u2013 Bons Comportamentos Regras 2 \u2013 Maus Comportamentos Cubo 1 \u2013&hellip;<\/p>\n","category_list_v2":"","author_info_v2":{"name":"Norte Crescente","url":"https:\/\/nortecrescente.pt\/web\/author\/adminnc2033"},"comments_num_v2":"0 comments","_links":{"self":[{"href":"https:\/\/nortecrescente.pt\/web\/wp-json\/wp\/v2\/pages\/2324"}],"collection":[{"href":"https:\/\/nortecrescente.pt\/web\/wp-json\/wp\/v2\/pages"}],"about":[{"href":"https:\/\/nortecrescente.pt\/web\/wp-json\/wp\/v2\/types\/page"}],"author":[{"embeddable":true,"href":"https:\/\/nortecrescente.pt\/web\/wp-json\/wp\/v2\/users\/1"}],"replies":[{"embeddable":true,"href":"https:\/\/nortecrescente.pt\/web\/wp-json\/wp\/v2\/comments?post=2324"}],"version-history":[{"count":50,"href":"https:\/\/nortecrescente.pt\/web\/wp-json\/wp\/v2\/pages\/2324\/revisions"}],"predecessor-version":[{"id":2519,"href":"https:\/\/nortecrescente.pt\/web\/wp-json\/wp\/v2\/pages\/2324\/revisions\/2519"}],"up":[{"embeddable":true,"href":"https:\/\/nortecrescente.pt\/web\/wp-json\/wp\/v2\/pages\/57"}],"wp:attachment":[{"href":"https:\/\/nortecrescente.pt\/web\/wp-json\/wp\/v2\/media?parent=2324"}],"curies":[{"name":"wp","href":"https:\/\/api.w.org\/{rel}","templated":true}]}}