	{"id":2543,"date":"2020-02-24T14:10:26","date_gmt":"2020-02-24T15:10:26","guid":{"rendered":"https:\/\/nortecrescente.pt\/web\/?page_id=2543"},"modified":"2022-01-27T16:07:06","modified_gmt":"2022-01-27T17:07:06","slug":"territorio","status":"publish","type":"page","link":"https:\/\/nortecrescente.pt\/web\/territorio","title":{"rendered":"Territ\u00f3rio"},"content":{"rendered":"\n<p>O territ\u00f3rio consiste nas 8 freguesias de interven\u00e7\u00e3o da Norte Crescente, freguesias da costa norte do concelho de Ponta Delgada: Pilar da Bretanha, Ajuda da Bretanha, Rem\u00e9dios, Santa B\u00e1rbara, Santo Ant\u00f3nio, Capelas, S\u00e3o Vicente Ferreira e Fenais da Luz.<br>A \u00e1rea de interven\u00e7\u00e3o da Norte Crescente \u00e9 caracterizada por uma comunidade rural marcadamente isolada em termos geogr\u00e1ficos e sociais, fechada sobre si pr\u00f3pria, afastada dos centros urbanos onde se centralizam os recursos comunit\u00e1rios e sociais. \u00c9 uma zona composta, maioritariamente por um p\u00fablico jovem, com baixas qualifica\u00e7\u00f5es, fraco envolvimento com a comunidade escolar, elevada taxa de absentismo, insucesso escolar e consequente desocupa\u00e7\u00e3o \/ desemprego que prov\u00eam de fam\u00edlias com m\u00faltiplas problem\u00e1ticas integrantes de um ciclo de pobreza que \u00e9 importante inverter.<\/p>\n\n\n\n<p>Em termos demogr\u00e1ficos assiste-se a uma dispers\u00e3o dos aglomerados populacionais, encontramos freguesias com uma fraca densidade populacional com tend\u00eancia \u00e0 diminui\u00e7\u00e3o e envelhecimento populacional e, outras em que se aglomeram focos de concentra\u00e7\u00e3o populacional onde se vivencia a segrega\u00e7\u00e3o espacial, pobreza, estigmatiza\u00e7\u00e3o e exclus\u00e3o social.<\/p>\n\n\n\n<p>As din\u00e2micas s\u00f3ciodemogr\u00e1ficas tendem para a altera\u00e7\u00e3o das estruturas familiares com elevado relevo para fam\u00edlias monoparentais, recompostas e unipessoais. Incid\u00eancia de din\u00e2micas familiares, pautadas por contextos desestruturados e vulner\u00e1veis, fomentadores de desequil\u00edbrios s\u00f3ciodemogr\u00e1ficos em que s\u00e3o exacerbadas problem\u00e1ticas como: viol\u00eancia dom\u00e9stica, d\u00e9fice de compet\u00eancias parentais, comportamentos aditivos, tr\u00e1fico de estupefacientes, sa\u00fade mental, precariedade econ\u00f3mica, insucesso e absentismo escolar.<\/p>\n\n\n\n<p>O sistema produtivo local das oito freguesias \u00e9 predominantemente assente no sector prim\u00e1rio, agricultura e pecu\u00e1ria. O mercado local de trabalho \u00e9 considerado incipiente e reduzido, com parco investimento de privados nos setores secund\u00e1rio e terci\u00e1rio, pelo que se assiste \u00e0 mobiliza\u00e7\u00e3o da popula\u00e7\u00e3o ativa para outros sectores de atividade, com maior preval\u00eancia no setor terci\u00e1rio, fixando-se em servi\u00e7os e equipamentos nas imedia\u00e7\u00f5es e\/ou centro da cidade de Ponta Delgada. Crescimento de formas de precariza\u00e7\u00e3o no trabalho e do desemprego no contexto de procura de novo emprego, com significativa taxa de desemprego jovem, com maior preval\u00eancia do desemprego no g\u00e9nero feminino.<\/p>\n\n\n\n<figure class=\"wp-block-image size-large\"><img loading=\"lazy\" width=\"1019\" height=\"402\" src=\"https:\/\/nortecrescente.pt\/web\/wp-content\/uploads\/2020\/02\/Mapa_Territ\u00f3rio.jpg\" alt=\"Territ\u00f3rio\" class=\"wp-image-2546\" srcset=\"https:\/\/nortecrescente.pt\/web\/wp-content\/uploads\/2020\/02\/Mapa_Territ\u00f3rio.jpg 1019w, https:\/\/nortecrescente.pt\/web\/wp-content\/uploads\/2020\/02\/Mapa_Territ\u00f3rio-300x118.jpg 300w, https:\/\/nortecrescente.pt\/web\/wp-content\/uploads\/2020\/02\/Mapa_Territ\u00f3rio-768x303.jpg 768w\" sizes=\"(max-width: 1019px) 100vw, 1019px\" \/><\/figure>\n\n\n\n<h2 id=\"noticias\">Not\u00edcias<\/h2>\n\n\n<ul class=\"wp-block-latest-posts__list is-grid columns-4 wp-block-latest-posts\"><li><div class=\"wp-block-latest-posts__featured-image aligncenter\"><img width=\"150\" height=\"150\" src=\"https:\/\/nortecrescente.pt\/web\/wp-content\/uploads\/2026\/03\/imagem-face-caca-ao-ovo-150x150.png\" class=\"attachment-thumbnail size-thumbnail wp-post-image\" alt=\"\" loading=\"lazy\" style=\"\" \/><\/div><a class=\"wp-block-latest-posts__post-title\" href=\"https:\/\/nortecrescente.pt\/web\/pascoa-2026-caca-ao-ovo-quinta-do-norte\">P\u00e1scoa 2026 &#8211; Ca\u00e7a ao Ovo &#8211; Quinta do Norte<\/a><div class=\"wp-block-latest-posts__post-excerpt\">No pr\u00f3ximo dia 28 de mar\u00e7o, das 15h \u00e0s 19h, a Quinta do Norte ser\u00e1 palco de uma tarde dedicada \u00e0 Ca\u00e7a ao Ovo, pensada para os mais pequenos e &#8230;<\/div><\/li>\n<li><div class=\"wp-block-latest-posts__featured-image aligncenter\"><img width=\"150\" height=\"150\" src=\"https:\/\/nortecrescente.pt\/web\/wp-content\/uploads\/2026\/01\/26.01-cartaz-Gincana-Ramo-Grande-150x150.jpeg\" class=\"attachment-thumbnail size-thumbnail wp-post-image\" alt=\"\" loading=\"lazy\" style=\"\" \/><\/div><a class=\"wp-block-latest-posts__post-title\" href=\"https:\/\/nortecrescente.pt\/web\/dia-de-trabalho-bois-da-raca-ramo-grande-17-janeiro-2025\">Dia de Trabalho \u2013 Bois da Ra\u00e7a Ramo Grande &#8211; 17 janeiro 2025<\/a><div class=\"wp-block-latest-posts__post-excerpt\">Dia de Trabalho \u2013 Bois da Ra\u00e7a Ramo Grande&#8211; Gincana com carros de Bois&#8211; Promo\u00e7\u00e3o Papas de Carolo Pilar da Bretanha \u2013 Parque de Aventura17 de janeiro \u2013 Parque de &#8230;<\/div><\/li>\n<li><div class=\"wp-block-latest-posts__featured-image aligncenter\"><img width=\"150\" height=\"150\" src=\"https:\/\/nortecrescente.pt\/web\/wp-content\/uploads\/2025\/12\/imagem-destaque-AGv2-150x150.jpg\" class=\"attachment-thumbnail size-thumbnail wp-post-image\" alt=\"\" loading=\"lazy\" style=\"\" \/><\/div><a class=\"wp-block-latest-posts__post-title\" href=\"https:\/\/nortecrescente.pt\/web\/norte-crescente\"><strong>Norte Crescente<\/strong><\/a><div class=\"wp-block-latest-posts__post-excerpt\">Associa\u00e7\u00e3o de Desenvolvimento Local CONVOCAT\u00d3RIA Nos termos e para os efeitos do disposto nos artigos 28\u00ba n\u00ba 3 e artigo 29\u00ba dos Estatutos da Associa\u00e7\u00e3o Norte Crescente &#8211; ADL e &#8230;<\/div><\/li>\n<li><div class=\"wp-block-latest-posts__featured-image aligncenter\"><img width=\"150\" height=\"150\" src=\"https:\/\/nortecrescente.pt\/web\/wp-content\/uploads\/2025\/12\/imagem-de-destaque-150x150.jpg\" class=\"attachment-thumbnail size-thumbnail wp-post-image\" alt=\"\" loading=\"lazy\" style=\"\" \/><\/div><a class=\"wp-block-latest-posts__post-title\" href=\"https:\/\/nortecrescente.pt\/web\/concurso-natal-ecologico-decora-me-3\">Concurso \u201cNatal Ecol\u00f3gico \u2013 Decora-me\u201d<\/a><div class=\"wp-block-latest-posts__post-excerpt\">Neste Natal, a Norte Crescente volta a desafiar a comunidade a pensar de forma mais verde, a repensar o que consome e a transformar pequenos gestos em grandes atitudes que &#8230;<\/div><\/li>\n<\/ul>","protected":false},"excerpt":{"rendered":"<p>O territ\u00f3rio consiste nas 8 freguesias de interven\u00e7\u00e3o da Norte Crescente, freguesias da costa norte do concelho de Ponta Delgada: Pilar da Bretanha, Ajuda da Bretanha, Rem\u00e9dios, Santa B\u00e1rbara, Santo &#8230;<\/p>\n","protected":false},"author":1,"featured_media":0,"parent":0,"menu_order":0,"comment_status":"closed","ping_status":"closed","template":"template-fullwidth.php","meta":{"ngg_post_thumbnail":0},"featured_image_urls":{"full":"","thumbnail":"","medium":"","medium_large":"","large":"","1536x1536":"","2048x2048":"","onepress-blog-small":"","onepress-small":"","onepress-medium":""},"post_excerpt_stackable":"<p>O territ\u00f3rio consiste nas 8 freguesias de interven\u00e7\u00e3o da Norte Crescente, freguesias da costa norte do concelho de Ponta Delgada: Pilar da Bretanha, Ajuda da Bretanha, Rem\u00e9dios, Santa B\u00e1rbara, Santo Ant\u00f3nio, Capelas, S\u00e3o Vicente Ferreira e Fenais da Luz.A \u00e1rea de interven\u00e7\u00e3o da Norte Crescente \u00e9 caracterizada por uma comunidade rural marcadamente isolada em termos geogr\u00e1ficos e sociais, fechada sobre si pr\u00f3pria, afastada dos centros urbanos onde se centralizam os recursos comunit\u00e1rios e sociais. \u00c9 uma zona composta, maioritariamente por um p\u00fablico jovem, com baixas qualifica\u00e7\u00f5es, fraco envolvimento com a comunidade escolar, elevada taxa de absentismo, insucesso escolar e consequente&hellip;<\/p>\n","category_list":"","author_info":{"name":"Norte Crescente","url":"https:\/\/nortecrescente.pt\/web\/author\/adminnc2033"},"comments_num":"0 comments","featured_image_urls_v2":{"full":"","thumbnail":"","medium":"","medium_large":"","large":"","1536x1536":"","2048x2048":"","onepress-blog-small":"","onepress-small":"","onepress-medium":""},"post_excerpt_stackable_v2":"<p>O territ\u00f3rio consiste nas 8 freguesias de interven\u00e7\u00e3o da Norte Crescente, freguesias da costa norte do concelho de Ponta Delgada: Pilar da Bretanha, Ajuda da Bretanha, Rem\u00e9dios, Santa B\u00e1rbara, Santo Ant\u00f3nio, Capelas, S\u00e3o Vicente Ferreira e Fenais da Luz.A \u00e1rea de interven\u00e7\u00e3o da Norte Crescente \u00e9 caracterizada por uma comunidade rural marcadamente isolada em termos geogr\u00e1ficos e sociais, fechada sobre si pr\u00f3pria, afastada dos centros urbanos onde se centralizam os recursos comunit\u00e1rios e sociais. \u00c9 uma zona composta, maioritariamente por um p\u00fablico jovem, com baixas qualifica\u00e7\u00f5es, fraco envolvimento com a comunidade escolar, elevada taxa de absentismo, insucesso escolar e consequente&hellip;<\/p>\n","category_list_v2":"","author_info_v2":{"name":"Norte Crescente","url":"https:\/\/nortecrescente.pt\/web\/author\/adminnc2033"},"comments_num_v2":"0 comments","_links":{"self":[{"href":"https:\/\/nortecrescente.pt\/web\/wp-json\/wp\/v2\/pages\/2543"}],"collection":[{"href":"https:\/\/nortecrescente.pt\/web\/wp-json\/wp\/v2\/pages"}],"about":[{"href":"https:\/\/nortecrescente.pt\/web\/wp-json\/wp\/v2\/types\/page"}],"author":[{"embeddable":true,"href":"https:\/\/nortecrescente.pt\/web\/wp-json\/wp\/v2\/users\/1"}],"replies":[{"embeddable":true,"href":"https:\/\/nortecrescente.pt\/web\/wp-json\/wp\/v2\/comments?post=2543"}],"version-history":[{"count":6,"href":"https:\/\/nortecrescente.pt\/web\/wp-json\/wp\/v2\/pages\/2543\/revisions"}],"predecessor-version":[{"id":3494,"href":"https:\/\/nortecrescente.pt\/web\/wp-json\/wp\/v2\/pages\/2543\/revisions\/3494"}],"wp:attachment":[{"href":"https:\/\/nortecrescente.pt\/web\/wp-json\/wp\/v2\/media?parent=2543"}],"curies":[{"name":"wp","href":"https:\/\/api.w.org\/{rel}","templated":true}]}}

Território

<p>O território consiste nas 8 freguesias de intervenção da Norte Crescente, freguesias da costa norte do concelho de Ponta Delgada: Pilar da Bretanha, Ajuda da Bretanha, Remédios, Santa Bárbara, Santo António, Capelas, São Vicente Ferreira e Fenais da Luz.<br>A área de intervenção da Norte Crescente é caracterizada por uma comunidade rural marcadamente isolada em termos geográficos e sociais, fechada sobre si própria, afastada dos centros urbanos onde se centralizam os recursos comunitários e sociais. É uma zona composta, maioritariamente por um público jovem, com baixas qualificações, fraco envolvimento com a comunidade escolar, elevada taxa de absentismo, insucesso escolar e consequente desocupação / desemprego que provêm de famílias com múltiplas problemáticas integrantes de um ciclo de pobreza que é importante inverter.</p>



<p>Em termos demográficos assiste-se a uma dispersão dos aglomerados populacionais, encontramos freguesias com uma fraca densidade populacional com tendência à diminuição e envelhecimento populacional e, outras em que se aglomeram focos de concentração populacional onde se vivencia a segregação espacial, pobreza, estigmatização e exclusão social.</p>



<p>As dinâmicas sóciodemográficas tendem para a alteração das estruturas familiares com elevado relevo para famílias monoparentais, recompostas e unipessoais. Incidência de dinâmicas familiares, pautadas por contextos desestruturados e vulneráveis, fomentadores de desequilíbrios sóciodemográficos em que são exacerbadas problemáticas como: violência doméstica, défice de competências parentais, comportamentos aditivos, tráfico de estupefacientes, saúde mental, precariedade económica, insucesso e absentismo escolar.</p>



<p>O sistema produtivo local das oito freguesias é predominantemente assente no sector primário, agricultura e pecuária. O mercado local de trabalho é considerado incipiente e reduzido, com parco investimento de privados nos setores secundário e terciário, pelo que se assiste à mobilização da população ativa para outros sectores de atividade, com maior prevalência no setor terciário, fixando-se em serviços e equipamentos nas imediações e/ou centro da cidade de Ponta Delgada. Crescimento de formas de precarização no trabalho e do desemprego no contexto de procura de novo emprego, com significativa taxa de desemprego jovem, com maior prevalência do desemprego no género feminino.</p>



<figure class="wp-block-image size-large"><img loading="lazy" width="1019" height="402" src="https://nortecrescente.pt/web/wp-content/uploads/2020/02/Mapa_Território.jpg" alt="Território" class="wp-image-2546" srcset="https://nortecrescente.pt/web/wp-content/uploads/2020/02/Mapa_Território.jpg 1019w, https://nortecrescente.pt/web/wp-content/uploads/2020/02/Mapa_Território-300x118.jpg 300w, https://nortecrescente.pt/web/wp-content/uploads/2020/02/Mapa_Território-768x303.jpg 768w" sizes="(max-width: 1019px) 100vw, 1019px" /></figure>



<h2 id="noticias">Notícias</h2>


<ul class="wp-block-latest-posts__list is-grid columns-4 wp-block-latest-posts"><li><div class="wp-block-latest-posts__featured-image aligncenter"><img width="150" height="150" src="https://nortecrescente.pt/web/wp-content/uploads/2026/03/imagem-face-caca-ao-ovo-150x150.png" class="attachment-thumbnail size-thumbnail wp-post-image" alt="" loading="lazy" style="" /></div><a class="wp-block-latest-posts__post-title" href="https://nortecrescente.pt/web/pascoa-2026-caca-ao-ovo-quinta-do-norte">Páscoa 2026 &#8211; Caça ao Ovo &#8211; Quinta do Norte</a><div class="wp-block-latest-posts__post-excerpt">No próximo dia 28 de março, das 15h às 19h, a Quinta do Norte será palco de uma tarde dedicada à Caça ao Ovo, pensada para os mais pequenos e &#8230;</div></li>
<li><div class="wp-block-latest-posts__featured-image aligncenter"><img width="150" height="150" src="https://nortecrescente.pt/web/wp-content/uploads/2026/01/26.01-cartaz-Gincana-Ramo-Grande-150x150.jpeg" class="attachment-thumbnail size-thumbnail wp-post-image" alt="" loading="lazy" style="" /></div><a class="wp-block-latest-posts__post-title" href="https://nortecrescente.pt/web/dia-de-trabalho-bois-da-raca-ramo-grande-17-janeiro-2025">Dia de Trabalho – Bois da Raça Ramo Grande &#8211; 17 janeiro 2025</a><div class="wp-block-latest-posts__post-excerpt">Dia de Trabalho – Bois da Raça Ramo Grande&#8211; Gincana com carros de Bois&#8211; Promoção Papas de Carolo Pilar da Bretanha – Parque de Aventura17 de janeiro – Parque de &#8230;</div></li>
<li><div class="wp-block-latest-posts__featured-image aligncenter"><img width="150" height="150" src="https://nortecrescente.pt/web/wp-content/uploads/2025/12/imagem-destaque-AGv2-150x150.jpg" class="attachment-thumbnail size-thumbnail wp-post-image" alt="" loading="lazy" style="" /></div><a class="wp-block-latest-posts__post-title" href="https://nortecrescente.pt/web/norte-crescente"><strong>Norte Crescente</strong></a><div class="wp-block-latest-posts__post-excerpt">Associação de Desenvolvimento Local CONVOCATÓRIA Nos termos e para os efeitos do disposto nos artigos 28º nº 3 e artigo 29º dos Estatutos da Associação Norte Crescente &#8211; ADL e &#8230;</div></li>
<li><div class="wp-block-latest-posts__featured-image aligncenter"><img width="150" height="150" src="https://nortecrescente.pt/web/wp-content/uploads/2025/12/imagem-de-destaque-150x150.jpg" class="attachment-thumbnail size-thumbnail wp-post-image" alt="" loading="lazy" style="" /></div><a class="wp-block-latest-posts__post-title" href="https://nortecrescente.pt/web/concurso-natal-ecologico-decora-me-3">Concurso “Natal Ecológico – Decora-me”</a><div class="wp-block-latest-posts__post-excerpt">Neste Natal, a Norte Crescente volta a desafiar a comunidade a pensar de forma mais verde, a repensar o que consome e a transformar pequenos gestos em grandes atitudes que &#8230;</div></li>
</ul>

<p>O território consiste nas 8 freguesias de intervenção da Norte Crescente, freguesias da costa norte do concelho de Ponta Delgada: Pilar da Bretanha, Ajuda da Bretanha, Remédios, Santa Bárbara, Santo &#8230;</p>

<p>O território consiste nas 8 freguesias de intervenção da Norte Crescente, freguesias da costa norte do concelho de Ponta Delgada: Pilar da Bretanha, Ajuda da Bretanha, Remédios, Santa Bárbara, Santo António, Capelas, São Vicente Ferreira e Fenais da Luz.A área de intervenção da Norte Crescente é caracterizada por uma comunidade rural marcadamente isolada em termos geográficos e sociais, fechada sobre si própria, afastada dos centros urbanos onde se centralizam os recursos comunitários e sociais. É uma zona composta, maioritariamente por um público jovem, com baixas qualificações, fraco envolvimento com a comunidade escolar, elevada taxa de absentismo, insucesso escolar e consequente&hellip;</p>
