	{"id":3612,"date":"2022-09-12T14:04:41","date_gmt":"2022-09-12T15:04:41","guid":{"rendered":"https:\/\/nortecrescente.pt\/web\/?page_id=3612"},"modified":"2024-09-04T15:19:31","modified_gmt":"2024-09-04T16:19:31","slug":"festa-do-milho-2022","status":"publish","type":"page","link":"https:\/\/nortecrescente.pt\/web\/festa-do-milho-2022","title":{"rendered":"Festa do Milho"},"content":{"rendered":"\n<p>A tradicional Festa do Milho festeja-se na Bretanha, concelho de Ponta Delgada, sendo um evento de afirma\u00e7\u00e3o do territ\u00f3rio suportado nas suas tradi\u00e7\u00f5es culturais, dando palco a todas as tradi\u00e7\u00f5es que envolvem as freguesias da Bretanha cujo territ\u00f3rio ainda \u00e9 marcadamente rural. Atualmente e apesar do incremento de servi\u00e7os e de uma maior oferta de emprego na Cidade de Ponta Delgada, o seu processo de desenvolvimento ainda se suporta na agricultura, nomeadamente nas explora\u00e7\u00f5es agropecu\u00e1rias existentes. \u00c9 neste sentido, que se pretende retratar e vivenciar as pr\u00e1ticas culturais agr\u00edcolas, nomeadamente as associadas \u00e0 cultura do milho, recriando alguns dos processos de produ\u00e7\u00e3o do milho para que residentes e visitantes possam relembrar, ou mesmo conhecer, como antigamente o milho era produzido.<\/p>\n\n\n\n<p><\/p>\n\n\n\n<p>E quem melhor do que as institui\u00e7\u00f5es locais para manterem o legado gastron\u00f3mico da Bretanha, a Festa do Milho conta com a presen\u00e7a regular da Comiss\u00e3o de Festas da N\u00aa Senhora da Ajuda da Bretanha, do Centro Social e Paroquial da N\u00aa Senhora da Ajuda da Bretanha, dos jovens da Par\u00f3quia da Bretanha, do Agrupamento de Escuteiros da Bretanha e dos Mordomos do Esp\u00edrito Santo do Pilar da Bretanha.<\/p>\n\n\n\n<p>A dinamiza\u00e7\u00e3o do evento Festa do Milho  parte de uma organiza\u00e7\u00e3o conjunta entre as freguesias da Ajuda da Bretanha, do Pilar da Bretanha, dos Rem\u00e9dios, da Associa\u00e7\u00e3o Norte Crescente e C\u00e2mara Municipal de Ponta Delgada, contando ainda com o apoio de outras institui\u00e7\u00f5es locais e de produtores bovinos locais que mant\u00eam o gosto pela manuten\u00e7\u00e3o e preserva\u00e7\u00e3o das tradi\u00e7\u00f5es. A organiza\u00e7\u00e3o pretende manter e promover as tradi\u00e7\u00f5es locais vivas, uma vez que muitas destas pr\u00e1ticas agr\u00edcolas j\u00e1 n\u00e3o s\u00e3o utilizadas no dia-a-dia, contudo, ainda h\u00e1 muita gente que a sabe fazer e cabe a n\u00f3s perpetuar esta tradi\u00e7\u00e3o e mostr\u00e1-la aos mais novos para que a tradi\u00e7\u00e3o possa, assim, permanecer viva atrav\u00e9s de v\u00e1rias gera\u00e7\u00f5es.<\/p>\n\n\n\n<p><\/p>\n\n\n\n<div class=\"wp-container-7 wp-block-columns\">\n<div class=\"wp-container-3 wp-block-column\">\n<figure class=\"wp-container-2 wp-block-gallery-1 wp-block-gallery has-nested-images columns-default is-cropped\"><\/figure>\n<\/div>\n\n\n\n<div class=\"wp-container-6 wp-block-column\">\n<figure class=\"wp-container-5 wp-block-gallery-4 wp-block-gallery has-nested-images columns-default is-cropped\"><\/figure>\n<\/div>\n<\/div>\n","protected":false},"excerpt":{"rendered":"<p>A tradicional Festa do Milho festeja-se na Bretanha, concelho de Ponta Delgada, sendo um evento de afirma\u00e7\u00e3o do territ\u00f3rio suportado nas suas tradi\u00e7\u00f5es culturais, dando palco a todas as tradi\u00e7\u00f5es &#8230;<\/p>\n","protected":false},"author":1,"featured_media":0,"parent":0,"menu_order":0,"comment_status":"closed","ping_status":"closed","template":"","meta":{"ngg_post_thumbnail":0},"featured_image_urls":{"full":"","thumbnail":"","medium":"","medium_large":"","large":"","1536x1536":"","2048x2048":"","onepress-blog-small":"","onepress-small":"","onepress-medium":""},"post_excerpt_stackable":"<p>A tradicional Festa do Milho festeja-se na Bretanha, concelho de Ponta Delgada, sendo um evento de afirma\u00e7\u00e3o do territ\u00f3rio suportado nas suas tradi\u00e7\u00f5es culturais, dando palco a todas as tradi\u00e7\u00f5es que envolvem as freguesias da Bretanha cujo territ\u00f3rio ainda \u00e9 marcadamente rural. Atualmente e apesar do incremento de servi\u00e7os e de uma maior oferta de emprego na Cidade de Ponta Delgada, o seu processo de desenvolvimento ainda se suporta na agricultura, nomeadamente nas explora\u00e7\u00f5es agropecu\u00e1rias existentes. \u00c9 neste sentido, que se pretende retratar e vivenciar as pr\u00e1ticas culturais agr\u00edcolas, nomeadamente as associadas \u00e0 cultura do milho, recriando alguns dos processos&hellip;<\/p>\n","category_list":"","author_info":{"name":"Norte Crescente","url":"https:\/\/nortecrescente.pt\/web\/author\/adminnc2033"},"comments_num":"0 comments","featured_image_urls_v2":{"full":"","thumbnail":"","medium":"","medium_large":"","large":"","1536x1536":"","2048x2048":"","onepress-blog-small":"","onepress-small":"","onepress-medium":""},"post_excerpt_stackable_v2":"<p>A tradicional Festa do Milho festeja-se na Bretanha, concelho de Ponta Delgada, sendo um evento de afirma\u00e7\u00e3o do territ\u00f3rio suportado nas suas tradi\u00e7\u00f5es culturais, dando palco a todas as tradi\u00e7\u00f5es que envolvem as freguesias da Bretanha cujo territ\u00f3rio ainda \u00e9 marcadamente rural. Atualmente e apesar do incremento de servi\u00e7os e de uma maior oferta de emprego na Cidade de Ponta Delgada, o seu processo de desenvolvimento ainda se suporta na agricultura, nomeadamente nas explora\u00e7\u00f5es agropecu\u00e1rias existentes. \u00c9 neste sentido, que se pretende retratar e vivenciar as pr\u00e1ticas culturais agr\u00edcolas, nomeadamente as associadas \u00e0 cultura do milho, recriando alguns dos processos&hellip;<\/p>\n","category_list_v2":"","author_info_v2":{"name":"Norte Crescente","url":"https:\/\/nortecrescente.pt\/web\/author\/adminnc2033"},"comments_num_v2":"0 comments","_links":{"self":[{"href":"https:\/\/nortecrescente.pt\/web\/wp-json\/wp\/v2\/pages\/3612"}],"collection":[{"href":"https:\/\/nortecrescente.pt\/web\/wp-json\/wp\/v2\/pages"}],"about":[{"href":"https:\/\/nortecrescente.pt\/web\/wp-json\/wp\/v2\/types\/page"}],"author":[{"embeddable":true,"href":"https:\/\/nortecrescente.pt\/web\/wp-json\/wp\/v2\/users\/1"}],"replies":[{"embeddable":true,"href":"https:\/\/nortecrescente.pt\/web\/wp-json\/wp\/v2\/comments?post=3612"}],"version-history":[{"count":4,"href":"https:\/\/nortecrescente.pt\/web\/wp-json\/wp\/v2\/pages\/3612\/revisions"}],"predecessor-version":[{"id":3820,"href":"https:\/\/nortecrescente.pt\/web\/wp-json\/wp\/v2\/pages\/3612\/revisions\/3820"}],"wp:attachment":[{"href":"https:\/\/nortecrescente.pt\/web\/wp-json\/wp\/v2\/media?parent=3612"}],"curies":[{"name":"wp","href":"https:\/\/api.w.org\/{rel}","templated":true}]}}

<p>A tradicional Festa do Milho festeja-se na Bretanha, concelho de Ponta Delgada, sendo um evento de afirmação do território suportado nas suas tradições culturais, dando palco a todas as tradições que envolvem as freguesias da Bretanha cujo território ainda é marcadamente rural. Atualmente e apesar do incremento de serviços e de uma maior oferta de emprego na Cidade de Ponta Delgada, o seu processo de desenvolvimento ainda se suporta na agricultura, nomeadamente nas explorações agropecuárias existentes. É neste sentido, que se pretende retratar e vivenciar as práticas culturais agrícolas, nomeadamente as associadas à cultura do milho, recriando alguns dos processos de produção do milho para que residentes e visitantes possam relembrar, ou mesmo conhecer, como antigamente o milho era produzido.</p>



<p></p>



<p>E quem melhor do que as instituições locais para manterem o legado gastronómico da Bretanha, a Festa do Milho conta com a presença regular da Comissão de Festas da Nª Senhora da Ajuda da Bretanha, do Centro Social e Paroquial da Nª Senhora da Ajuda da Bretanha, dos jovens da Paróquia da Bretanha, do Agrupamento de Escuteiros da Bretanha e dos Mordomos do Espírito Santo do Pilar da Bretanha.</p>



<p>A dinamização do evento Festa do Milho  parte de uma organização conjunta entre as freguesias da Ajuda da Bretanha, do Pilar da Bretanha, dos Remédios, da Associação Norte Crescente e Câmara Municipal de Ponta Delgada, contando ainda com o apoio de outras instituições locais e de produtores bovinos locais que mantêm o gosto pela manutenção e preservação das tradições. A organização pretende manter e promover as tradições locais vivas, uma vez que muitas destas práticas agrícolas já não são utilizadas no dia-a-dia, contudo, ainda há muita gente que a sabe fazer e cabe a nós perpetuar esta tradição e mostrá-la aos mais novos para que a tradição possa, assim, permanecer viva através de várias gerações.</p>



<p></p>



<div class="wp-container-7 wp-block-columns">
<div class="wp-container-3 wp-block-column">
<figure class="wp-container-2 wp-block-gallery-1 wp-block-gallery has-nested-images columns-default is-cropped"></figure>
</div>



<div class="wp-container-6 wp-block-column">
<figure class="wp-container-5 wp-block-gallery-4 wp-block-gallery has-nested-images columns-default is-cropped"></figure>
</div>
</div>

<p>A tradicional Festa do Milho festeja-se na Bretanha, concelho de Ponta Delgada, sendo um evento de afirmação do território suportado nas suas tradições culturais, dando palco a todas as tradições &#8230;</p>

<p>A tradicional Festa do Milho festeja-se na Bretanha, concelho de Ponta Delgada, sendo um evento de afirmação do território suportado nas suas tradições culturais, dando palco a todas as tradições que envolvem as freguesias da Bretanha cujo território ainda é marcadamente rural. Atualmente e apesar do incremento de serviços e de uma maior oferta de emprego na Cidade de Ponta Delgada, o seu processo de desenvolvimento ainda se suporta na agricultura, nomeadamente nas explorações agropecuárias existentes. É neste sentido, que se pretende retratar e vivenciar as práticas culturais agrícolas, nomeadamente as associadas à cultura do milho, recriando alguns dos processos&hellip;</p>
