	{"id":3778,"date":"2024-02-09T01:04:01","date_gmt":"2024-02-09T02:04:01","guid":{"rendered":"https:\/\/nortecrescente.pt\/web\/?page_id=3778"},"modified":"2024-02-09T01:04:02","modified_gmt":"2024-02-09T02:04:02","slug":"promocao-de-bem-estar-social","status":"publish","type":"page","link":"https:\/\/nortecrescente.pt\/web\/promocao-de-bem-estar-social","title":{"rendered":"Promo\u00e7\u00e3o de Bem-Estar Social"},"content":{"rendered":"\n<p><strong>C\u00f3digo da Opera\u00e7\u00e3o: <\/strong>PRORURAL+-7.4.1-FEADER-003140<br><strong>Programa:<\/strong> PRORURAL +<br><strong>Medida: <\/strong>Apoio ao desenvolvimento local de base comunit\u00e1ria (DLBC) Leader<br><strong>Submedida\/A\u00e7\u00e3o:<\/strong> Apoio \u00e0 realiza\u00e7\u00e3o de opera\u00e7\u00f5es no \u00e2mbito da estrat\u00e9gia de desenvolvimento promovido pelas comunidades locais<br><strong>Interven\u00e7\u00e3o:<\/strong> Investimento em servi\u00e7os b\u00e1sicos<br><strong>Investimento Total:<\/strong> 46.168,41<br><strong>Incentivo:<\/strong> 29.838,55<\/p>\n\n\n\n<p>O projeto proposto visa o investimento em duas principais \u00e1reas, de modo a facilitar a sua implementa\u00e7\u00e3o no territ\u00f3rio e junto do mercado-alvo (pessoas carenciadas):<\/p>\n\n\n\n<p>&nbsp;&nbsp;&nbsp;&nbsp;&nbsp;&nbsp;&nbsp;&nbsp;&nbsp;&nbsp;&nbsp;&nbsp;&nbsp;&nbsp; &#8211; Mobilidade inter e intra freguesias atrav\u00e9s da aquisi\u00e7\u00e3o de uma viatura de 9 lugares e a consequente contrata\u00e7\u00e3o de um motorista pela Norte Crescente para facilitar a mobilidade das pessoas quer para o acesso \u00e0s respostas sociais (Rede de ATL, Assistentes Sociais, ISSA, etc.), para acesso a servi\u00e7os p\u00fablicos em parceria com as juntas de freguesia (Posto M\u00e9dico, Bancos, etc.), para atividades de lazer e recreio (potenciando o conhecimento do territ\u00f3rio e divulga\u00e7\u00e3o do mesmo) e facilitar o acesso a a\u00e7\u00f5es de forma\u00e7\u00e3o e aquisi\u00e7\u00e3o de novos conhecimentos pr\u00e1ticos;<\/p>\n\n\n\n<p>&nbsp;&nbsp;&nbsp;&nbsp;&nbsp;&nbsp;&nbsp;&nbsp;&nbsp;&nbsp;&nbsp;&nbsp;&nbsp;&nbsp; &#8211; Dinamiza\u00e7\u00e3o de a\u00e7\u00f5es de forma\u00e7\u00e3o orientadas para conhecimentos de base, t\u00e9cnicos e pr\u00e1ticos relacionadas com as necessidades do mercado de trabalho, com as prefer\u00eancias ou experi\u00eancia das pessoas carenciadas de modo a poderem ser integradas no mercado de trabalho ou pelo menos a aumentar a sua autoestima e os conhecimentos de gest\u00e3o familiar de base de modo a potenciar a rutura do seu c\u00edrculo de pobreza, por vezes vicioso, ser\u00e1 concretizado com a aquisi\u00e7\u00e3o de equipamentos de inform\u00e1tica (cerca de 15 computadores) para facilitar o acesso e utiliza\u00e7\u00e3o dos mesmos pelas pessoas e a disponibiliza\u00e7\u00e3o de recursos humanos (maioritariamente internos da Norte Crescente).<\/p>\n\n\n\n<figure class=\"wp-block-image size-full\"><a href=\"https:\/\/nortecrescente.pt\/web\/wp-content\/uploads\/2024\/02\/barra-de-financiamento-2.bmp\"><img loading=\"lazy\" width=\"1464\" height=\"160\" src=\"https:\/\/nortecrescente.pt\/web\/wp-content\/uploads\/2024\/02\/barra-de-financiamento-2.bmp\" alt=\"\" class=\"wp-image-3776\"\/><\/a><\/figure>\n","protected":false},"excerpt":{"rendered":"<p>C\u00f3digo da Opera\u00e7\u00e3o: PRORURAL+-7.4.1-FEADER-003140Programa: PRORURAL +Medida: Apoio ao desenvolvimento local de base comunit\u00e1ria (DLBC) LeaderSubmedida\/A\u00e7\u00e3o: Apoio \u00e0 realiza\u00e7\u00e3o de opera\u00e7\u00f5es no \u00e2mbito da estrat\u00e9gia de desenvolvimento promovido pelas comunidades locaisInterven\u00e7\u00e3o: &#8230;<\/p>\n","protected":false},"author":2,"featured_media":0,"parent":0,"menu_order":0,"comment_status":"closed","ping_status":"closed","template":"","meta":{"ngg_post_thumbnail":0},"featured_image_urls":{"full":"","thumbnail":"","medium":"","medium_large":"","large":"","1536x1536":"","2048x2048":"","onepress-blog-small":"","onepress-small":"","onepress-medium":""},"post_excerpt_stackable":"<p>C\u00f3digo da Opera\u00e7\u00e3o: PRORURAL+-7.4.1-FEADER-003140Programa: PRORURAL +Medida: Apoio ao desenvolvimento local de base comunit\u00e1ria (DLBC) LeaderSubmedida\/A\u00e7\u00e3o: Apoio \u00e0 realiza\u00e7\u00e3o de opera\u00e7\u00f5es no \u00e2mbito da estrat\u00e9gia de desenvolvimento promovido pelas comunidades locaisInterven\u00e7\u00e3o: Investimento em servi\u00e7os b\u00e1sicosInvestimento Total: 46.168,41Incentivo: 29.838,55 O projeto proposto visa o investimento em duas principais \u00e1reas, de modo a facilitar a sua implementa\u00e7\u00e3o no territ\u00f3rio e junto do mercado-alvo (pessoas carenciadas): &nbsp;&nbsp;&nbsp;&nbsp;&nbsp;&nbsp;&nbsp;&nbsp;&nbsp;&nbsp;&nbsp;&nbsp;&nbsp;&nbsp; &#8211; Mobilidade inter e intra freguesias atrav\u00e9s da aquisi\u00e7\u00e3o de uma viatura de 9 lugares e a consequente contrata\u00e7\u00e3o de um motorista pela Norte Crescente para facilitar a mobilidade das pessoas quer para o acesso \u00e0s respostas&hellip;<\/p>\n","category_list":"","author_info":{"name":"admin","url":"https:\/\/nortecrescente.pt\/web\/author\/admin"},"comments_num":"0 comments","featured_image_urls_v2":{"full":"","thumbnail":"","medium":"","medium_large":"","large":"","1536x1536":"","2048x2048":"","onepress-blog-small":"","onepress-small":"","onepress-medium":""},"post_excerpt_stackable_v2":"<p>C\u00f3digo da Opera\u00e7\u00e3o: PRORURAL+-7.4.1-FEADER-003140Programa: PRORURAL +Medida: Apoio ao desenvolvimento local de base comunit\u00e1ria (DLBC) LeaderSubmedida\/A\u00e7\u00e3o: Apoio \u00e0 realiza\u00e7\u00e3o de opera\u00e7\u00f5es no \u00e2mbito da estrat\u00e9gia de desenvolvimento promovido pelas comunidades locaisInterven\u00e7\u00e3o: Investimento em servi\u00e7os b\u00e1sicosInvestimento Total: 46.168,41Incentivo: 29.838,55 O projeto proposto visa o investimento em duas principais \u00e1reas, de modo a facilitar a sua implementa\u00e7\u00e3o no territ\u00f3rio e junto do mercado-alvo (pessoas carenciadas): &nbsp;&nbsp;&nbsp;&nbsp;&nbsp;&nbsp;&nbsp;&nbsp;&nbsp;&nbsp;&nbsp;&nbsp;&nbsp;&nbsp; &#8211; Mobilidade inter e intra freguesias atrav\u00e9s da aquisi\u00e7\u00e3o de uma viatura de 9 lugares e a consequente contrata\u00e7\u00e3o de um motorista pela Norte Crescente para facilitar a mobilidade das pessoas quer para o acesso \u00e0s respostas&hellip;<\/p>\n","category_list_v2":"","author_info_v2":{"name":"admin","url":"https:\/\/nortecrescente.pt\/web\/author\/admin"},"comments_num_v2":"0 comments","_links":{"self":[{"href":"https:\/\/nortecrescente.pt\/web\/wp-json\/wp\/v2\/pages\/3778"}],"collection":[{"href":"https:\/\/nortecrescente.pt\/web\/wp-json\/wp\/v2\/pages"}],"about":[{"href":"https:\/\/nortecrescente.pt\/web\/wp-json\/wp\/v2\/types\/page"}],"author":[{"embeddable":true,"href":"https:\/\/nortecrescente.pt\/web\/wp-json\/wp\/v2\/users\/2"}],"replies":[{"embeddable":true,"href":"https:\/\/nortecrescente.pt\/web\/wp-json\/wp\/v2\/comments?post=3778"}],"version-history":[{"count":1,"href":"https:\/\/nortecrescente.pt\/web\/wp-json\/wp\/v2\/pages\/3778\/revisions"}],"predecessor-version":[{"id":3779,"href":"https:\/\/nortecrescente.pt\/web\/wp-json\/wp\/v2\/pages\/3778\/revisions\/3779"}],"wp:attachment":[{"href":"https:\/\/nortecrescente.pt\/web\/wp-json\/wp\/v2\/media?parent=3778"}],"curies":[{"name":"wp","href":"https:\/\/api.w.org\/{rel}","templated":true}]}}